Last updated on 2025-10-26 05:50:12 CET.
| Flavor | Version | Tinstall | Tcheck | Ttotal | Status | Flags |
|---|---|---|---|---|---|---|
| r-devel-linux-x86_64-debian-clang | 3.1 | 8.06 | 60.59 | 68.65 | NOTE | |
| r-devel-linux-x86_64-debian-gcc | 3.1 | 5.94 | 45.27 | 51.21 | NOTE | |
| r-devel-linux-x86_64-fedora-clang | 3.1 | 26.00 | 87.39 | 113.39 | OK | |
| r-devel-linux-x86_64-fedora-gcc | 3.1 | 16.00 | 89.04 | 105.04 | OK | |
| r-devel-windows-x86_64 | 3.1 | 8.00 | 68.00 | 76.00 | OK | |
| r-patched-linux-x86_64 | 3.1 | 7.41 | 58.86 | 66.27 | OK | |
| r-release-linux-x86_64 | 3.1 | 8.32 | 59.25 | 67.57 | OK | |
| r-release-macos-arm64 | 3.1 | 4.00 | 31.00 | 35.00 | OK | |
| r-release-macos-x86_64 | 3.1 | 7.00 | 52.00 | 59.00 | OK | |
| r-release-windows-x86_64 | 3.1 | 8.00 | 66.00 | 74.00 | OK | |
| r-oldrel-macos-arm64 | 3.1 | 4.00 | 32.00 | 36.00 | OK | |
| r-oldrel-macos-x86_64 | 3.1 | 6.00 | 40.00 | 46.00 | OK | |
| r-oldrel-windows-x86_64 | 3.1 | 11.00 | 85.00 | 96.00 | OK |
Version: 3.1
Check: CRAN incoming feasibility
Result: NOTE
Maintainer: ‘Aldo M. Garay <medina_garay@yahoo.com>’
No Authors@R field in DESCRIPTION.
Please add one, modifying
Authors@R: c(person(given = c("Aldo", "M."),
family = "Garay",
role = c("aut", "cre"),
email = "medina_garay@yahoo.com"),
person(given = c("Monique", "Bettio"),
family = "Massuia",
role = "aut",
email = "moniquemassuia@gmail.com"),
person(given = "Victor",
family = "Lachos",
role = "aut",
email = "hlachos@ime.unicamp.br"))
as necessary.
Flavors: r-devel-linux-x86_64-debian-clang, r-devel-linux-x86_64-debian-gcc