CRAN Package Check Results for Package SSsimple

Last updated on 2025-10-21 18:50:07 CEST.

Flavor Version Tinstall Tcheck Ttotal Status Flags
r-devel-linux-x86_64-debian-clang 0.6.6 2.42 41.15 43.57 NOTE
r-devel-linux-x86_64-debian-gcc 0.6.6 1.92 32.24 34.16 NOTE
r-devel-linux-x86_64-fedora-clang 0.6.6 63.90 OK
r-devel-linux-x86_64-fedora-gcc 0.6.6 76.39 OK
r-devel-windows-x86_64 0.6.6 4.00 77.00 81.00 OK
r-patched-linux-x86_64 0.6.6 2.80 41.46 44.26 OK
r-release-linux-x86_64 0.6.6 2.31 41.24 43.55 OK
r-release-macos-arm64 0.6.6 1.00 32.00 33.00 OK
r-release-macos-x86_64 0.6.6 2.00 57.00 59.00 OK
r-release-windows-x86_64 0.6.6 3.00 81.00 84.00 OK
r-oldrel-macos-arm64 0.6.6 1.00 28.00 29.00 OK
r-oldrel-macos-x86_64 0.6.6 2.00 49.00 51.00 OK
r-oldrel-windows-x86_64 0.6.6 3.00 87.00 90.00 OK

Check Details

Version: 0.6.6
Check: CRAN incoming feasibility
Result: NOTE Maintainer: ‘Dave Zes <zesdave@gmail.com>’ No Authors@R field in DESCRIPTION. Please add one, modifying Authors@R: person(given = "Dave", family = "Zes", role = c("aut", "cre"), email = "zesdave@gmail.com") as necessary. Flavors: r-devel-linux-x86_64-debian-clang, r-devel-linux-x86_64-debian-gcc