Last updated on 2025-10-21 07:49:52 CEST.
Flavor | Version | Tinstall | Tcheck | Ttotal | Status | Flags |
---|---|---|---|---|---|---|
r-devel-linux-x86_64-debian-clang | 1.0.0 | 9.07 | 52.09 | 61.16 | NOTE | |
r-devel-linux-x86_64-debian-gcc | 1.0.0 | 6.03 | 40.23 | 46.26 | NOTE | |
r-devel-linux-x86_64-fedora-clang | 1.0.0 | 93.20 | NOTE | |||
r-devel-linux-x86_64-fedora-gcc | 1.0.0 | 87.80 | NOTE | |||
r-devel-windows-x86_64 | 1.0.0 | 9.00 | 74.00 | 83.00 | NOTE | |
r-patched-linux-x86_64 | 1.0.0 | 10.00 | 48.39 | 58.39 | NOTE | |
r-release-linux-x86_64 | 1.0.0 | 8.19 | 48.72 | 56.91 | NOTE | |
r-release-macos-arm64 | 1.0.0 | 38.00 | ERROR | |||
r-release-macos-x86_64 | 1.0.0 | 118.00 | NOTE | |||
r-release-windows-x86_64 | 1.0.0 | 10.00 | 76.00 | 86.00 | NOTE | |
r-oldrel-macos-arm64 | 1.0.0 | 58.00 | OK | |||
r-oldrel-macos-x86_64 | 1.0.0 | 100.00 | OK | |||
r-oldrel-windows-x86_64 | 1.0.0 | 14.00 | 88.00 | 102.00 | OK |
Version: 1.0.0
Check: DESCRIPTION meta-information
Result: NOTE
Missing dependency on R >= 4.1.0 because package code uses the pipe
|> or function shorthand \(...) syntax added in R 4.1.0.
File(s) using such syntax:
‘od_list.R’ ‘od_resource.R’ ‘od_utils.R’ ‘other_endpoints.R’
‘sc_data.R’ ‘schema.R’ ‘schema_uri.R’ ‘sdmx_table.R’ ‘table.R’
‘table_as_data_frame.R’ ‘table_json.R’ ‘table_meta.R’ ‘table_saved.R’
Flavors: r-devel-linux-x86_64-debian-clang, r-devel-linux-x86_64-debian-gcc, r-devel-linux-x86_64-fedora-clang, r-devel-linux-x86_64-fedora-gcc, r-devel-windows-x86_64, r-patched-linux-x86_64, r-release-linux-x86_64, r-release-macos-arm64, r-release-macos-x86_64, r-release-windows-x86_64
Version: 1.0.0
Check: HTML version of manual
Result: NOTE
Found the following HTML validation problems:
od_table_class.html:133:1 (od_table_class.Rd:75): Warning: missing </ul> before </div>
od_table_class.html:123:1 (od_table_class.Rd:71): Warning: <h5> anchor "Usage" already defined
sc_data.html:137:1 (sc_data.Rd:110): Warning: <h5> anchor "Usage" already defined
sc_data.html:143:1 (sc_data.Rd:114): Warning: <h5> anchor "Arguments" already defined
sc_data.html:180:1 (sc_data.Rd:140): Warning: <h5> anchor "Usage" already defined
sc_data.html:186:1 (sc_data.Rd:144): Warning: <h5> anchor "Arguments" already defined
sc_data.html:199:1 (sc_data.Rd:151): Warning: <h5> anchor "Examples" already defined
sc_data.html:217:1 (sc_data.Rd:165): Warning: <h5> anchor "Usage" already defined
sc_data.html:223:1 (sc_data.Rd:169): Warning: <h5> anchor "Arguments" already defined
sc_data.html:239:1 (sc_data.Rd:179): Warning: <h5> anchor "Examples" already defined
sc_data.html:262:1 (sc_data.Rd:197): Warning: <h5> anchor "Usage" already defined
sc_data.html:268:1 (sc_data.Rd:201): Warning: <h5> anchor "Arguments" already defined
sc_recoder.html:109:1 (sc_recoder.Rd:81): Warning: <h5> anchor "Usage" already defined
sc_recoder.html:115:1 (sc_recoder.Rd:85): Warning: <h5> anchor "Arguments" already defined
sc_recoder.html:142:1 (sc_recoder.Rd:102): Warning: <h5> anchor "Usage" already defined
sc_recoder.html:148:1 (sc_recoder.Rd:106): Warning: <h5> anchor "Arguments" already defined
sc_recoder.html:175:1 (sc_recoder.Rd:123): Warning: <h5> anchor "Usage" already defined
sc_recoder.html:181:1 (sc_recoder.Rd:127): Warning: <h5> anchor "Arguments" already defined
sc_recoder.html:210:1 (sc_recoder.Rd:146): Warning: <h5> anchor "Usage" already defined
sc_recoder.html:216:1 (sc_recoder.Rd:150): Warning: <h5> anchor "Arguments" already defined
sc_recoder.html:243:1 (sc_recoder.Rd:167): Warning: <h5> anchor "Usage" already defined
sc_recoder.html:249:1 (sc_recoder.Rd:171): Warning: <h5> anchor "Arguments" already defined
sc_recoder.html:276:1 (sc_recoder.Rd:188): Warning: <h5> anchor "Usage" already defined
sc_recoder.html:282:1 (sc_recoder.Rd:192): Warning: <h5> anchor "Arguments" already defined
sc_table_class.html:246:1 (sc_table_class.Rd:152): Warning: missing </ul> before </div>
sc_table_class.html:146:1 (sc_table_class.Rd:88): Warning: <h5> anchor "Usage" already defined
sc_table_class.html:163:1 (sc_table_class.Rd:99): Warning: <h5> anchor "Usage" already defined
sc_table_class.html:174:1 (sc_table_class.Rd:108): Warning: <h5> anchor "Arguments" already defined
sc_table_class.html:205:1 (sc_table_class.Rd:129): Warning: <h5> anchor "Usage" already defined
sc_table_class.html:221:1 (sc_table_class.Rd:139): Warning: <h5> anchor "Usage" already defined
sc_table_class.html:227:1 (sc_table_class.Rd:143): Warning: <h5> anchor "Arguments" already defined
Flavor: r-devel-linux-x86_64-debian-gcc
Version: 1.0.0
Check: examples
Result: ERROR
Running examples in ‘STATcubeR-Ex.R’ failed
The error most likely occurred in:
> ### Name: od_cache
> ### Title: Cache management for Open Data
> ### Aliases: od_cache od_cache_summary od_downloads
>
> ### ** Examples
>
> ## make sure the cache is not empty
> od_table("OGD_krebs_ext_KREBS_1")
Error in curl::curl_fetch_disk(url, x$path, handle = handle) :
Timeout was reached [data.statistik.gv.at]: Connection timed out after 10002 milliseconds
Calls: od_table ... request_fetch.write_disk -> <Anonymous> -> raise_libcurl_error
Execution halted
Flavor: r-release-macos-arm64