Last updated on 2025-02-22 07:51:46 CET.
Flavor | Version | Tinstall | Tcheck | Ttotal | Status | Flags |
---|---|---|---|---|---|---|
r-devel-linux-x86_64-debian-clang | 1.1.1 | 0.49 | 1.93 | 2.42 | ERROR | |
r-devel-linux-x86_64-debian-gcc | 1.1.1 | 0.36 | 1.55 | 1.91 | ERROR | |
r-devel-linux-x86_64-fedora-clang | 1.1.1 | 112.03 | NOTE | |||
r-devel-linux-x86_64-fedora-gcc | 1.1.1 | 121.88 | NOTE | |||
r-devel-macos-arm64 | 1.1.1 | 5.00 | ERROR | |||
r-devel-macos-x86_64 | 1.1.1 | 12.00 | ERROR | |||
r-devel-windows-x86_64 | 1.1.1 | 8.00 | 81.00 | 89.00 | OK | |
r-patched-linux-x86_64 | 1.1.1 | 3.96 | 57.96 | 61.92 | OK | |
r-release-linux-x86_64 | 1.1.1 | 3.40 | 57.22 | 60.62 | OK | |
r-release-macos-arm64 | 1.1.1 | 43.00 | NOTE | |||
r-release-macos-x86_64 | 1.1.1 | 59.00 | OK | |||
r-release-windows-x86_64 | 1.1.1 | 7.00 | 79.00 | 86.00 | OK | |
r-oldrel-macos-arm64 | 1.1.1 | 10.00 | ERROR | |||
r-oldrel-macos-x86_64 | 1.1.1 | 11.00 | ERROR | |||
r-oldrel-windows-x86_64 | 1.1.1 | 9.00 | 95.00 | 104.00 | OK |
Version: 1.1.1
Check: package dependencies
Result: ERROR
Packages required but not available: 'msa', 'GenomicFeatures'
See section ‘The DESCRIPTION file’ in the ‘Writing R Extensions’
manual.
Flavor: r-devel-linux-x86_64-debian-clang
Version: 1.1.1
Check: package dependencies
Result: ERROR
Package required but not available: ‘msa’
See section ‘The DESCRIPTION file’ in the ‘Writing R Extensions’
manual.
Flavor: r-devel-linux-x86_64-debian-gcc
Version: 1.1.1
Check: dependencies in R code
Result: NOTE
Namespaces in Imports field not imported from:
‘cowplot’ ‘testit’
All declared Imports should be used.
Flavors: r-devel-linux-x86_64-fedora-clang, r-devel-linux-x86_64-fedora-gcc
Version: 1.1.1
Check: package dependencies
Result: ERROR
Package required but not available: ‘ggmsa’
Package suggested but not available for checking: ‘org.Rn.eg.db’
See section ‘The DESCRIPTION file’ in the ‘Writing R Extensions’
manual.
Flavors: r-devel-macos-arm64, r-devel-macos-x86_64
Version: 1.1.1
Check: package dependencies
Result: NOTE
Package suggested but not available for checking: ‘org.Rn.eg.db’
Flavor: r-release-macos-arm64
Version: 1.1.1
Check: package dependencies
Result: ERROR
Packages required but not available: 'ggmsa', 'msa'
Package suggested but not available for checking: ‘org.Rn.eg.db’
See section ‘The DESCRIPTION file’ in the ‘Writing R Extensions’
manual.
Flavors: r-oldrel-macos-arm64, r-oldrel-macos-x86_64