Last updated on 2024-06-04 18:47:59 CEST.
Flavor | Version | Tinstall | Tcheck | Ttotal | Status | Flags |
---|---|---|---|---|---|---|
r-devel-linux-x86_64-debian-clang | 1.1.3 | 2.21 | 44.34 | 46.55 | NOTE | |
r-devel-linux-x86_64-debian-gcc | 1.1.3 | 2.02 | 32.30 | 34.32 | NOTE | |
r-devel-linux-x86_64-fedora-clang | 1.1.3 | 59.23 | NOTE | |||
r-devel-linux-x86_64-fedora-gcc | 1.1.3 | 67.51 | NOTE | |||
r-devel-windows-x86_64 | 1.1.3 | 5.00 | 50.00 | 55.00 | NOTE | |
r-patched-linux-x86_64 | 1.1.3 | 2.60 | 42.49 | 45.09 | NOTE | |
r-release-linux-x86_64 | 1.1.3 | 2.34 | 40.46 | 42.80 | NOTE | |
r-release-macos-arm64 | 1.1.3 | 27.00 | NOTE | |||
r-release-windows-x86_64 | 1.1.3 | 4.00 | 51.00 | 55.00 | NOTE | |
r-oldrel-macos-arm64 | 1.1.3 | 29.00 | NOTE | |||
r-oldrel-macos-x86_64 | 1.1.3 | 41.00 | NOTE | |||
r-oldrel-windows-x86_64 | 1.1.3 | 3.00 | 58.00 | 61.00 | NOTE |
Version: 1.1.3
Check: package subdirectories
Result: NOTE
Problems with news in ‘NEWS.md’:
No news entries found.
Flavors: r-devel-linux-x86_64-debian-clang, r-devel-linux-x86_64-debian-gcc, r-devel-linux-x86_64-fedora-clang, r-devel-linux-x86_64-fedora-gcc, r-devel-windows-x86_64, r-patched-linux-x86_64, r-release-linux-x86_64, r-release-macos-arm64, r-release-windows-x86_64, r-oldrel-macos-arm64, r-oldrel-macos-x86_64, r-oldrel-windows-x86_64