CRAN Package Check Results for Package SmoothTensor

Last updated on 2025-10-22 21:50:19 CEST.

Flavor Version Tinstall Tcheck Ttotal Status Flags
r-devel-linux-x86_64-debian-clang 0.1.1 6.40 56.01 62.41 NOTE
r-devel-linux-x86_64-debian-gcc 0.1.1 4.77 41.76 46.53 NOTE
r-devel-linux-x86_64-fedora-clang 0.1.1 17.00 78.49 95.49 NOTE
r-devel-linux-x86_64-fedora-gcc 0.1.1 15.00 81.77 96.77 NOTE
r-devel-windows-x86_64 0.1.1 7.00 65.00 72.00 NOTE
r-patched-linux-x86_64 0.1.1 6.49 53.26 59.75 NOTE
r-release-linux-x86_64 0.1.1 6.90 53.63 60.53 NOTE
r-release-macos-arm64 0.1.1 3.00 31.00 34.00 NOTE
r-release-macos-x86_64 0.1.1 6.00 54.00 60.00 NOTE
r-release-windows-x86_64 0.1.1 7.00 66.00 73.00 NOTE
r-oldrel-macos-arm64 0.1.1 3.00 27.00 30.00 NOTE
r-oldrel-macos-x86_64 0.1.1 5.00 40.00 45.00 NOTE
r-oldrel-windows-x86_64 0.1.1 10.00 76.00 86.00 NOTE

Check Details

Version: 0.1.1
Check: CRAN incoming feasibility
Result: NOTE Maintainer: ‘Chanwoo Lee <chanwoo.lee@wisc.edu>’ The Description field contains estimation with unknown permutations" <arXiv:2111.04681>. Please refer to arXiv e-prints via their arXiv DOI <doi:10.48550/arXiv.YYMM.NNNNN>. Flavors: r-devel-linux-x86_64-debian-clang, r-devel-linux-x86_64-debian-gcc

Version: 0.1.1
Check: package subdirectories
Result: NOTE Problems with news in ‘NEWS.md’: No news entries found. Flavors: r-devel-linux-x86_64-debian-clang, r-devel-linux-x86_64-debian-gcc, r-devel-linux-x86_64-fedora-clang, r-devel-linux-x86_64-fedora-gcc, r-devel-windows-x86_64, r-patched-linux-x86_64, r-release-linux-x86_64, r-release-macos-arm64, r-release-macos-x86_64, r-release-windows-x86_64, r-oldrel-macos-arm64, r-oldrel-macos-x86_64, r-oldrel-windows-x86_64

Version: 0.1.1
Check: dependencies in R code
Result: NOTE Namespace in Imports field not imported from: ‘methods’ All declared Imports should be used. Flavors: r-devel-linux-x86_64-fedora-clang, r-devel-linux-x86_64-fedora-gcc