Last updated on 2024-06-04 18:48:00 CEST.
Flavor | Version | Tinstall | Tcheck | Ttotal | Status | Flags |
---|---|---|---|---|---|---|
r-devel-linux-x86_64-debian-clang | 0.1.1 | 6.71 | 68.13 | 74.84 | NOTE | |
r-devel-linux-x86_64-debian-gcc | 0.1.1 | 6.60 | 50.93 | 57.53 | NOTE | |
r-devel-linux-x86_64-fedora-clang | 0.1.1 | 93.24 | NOTE | |||
r-devel-linux-x86_64-fedora-gcc | 0.1.1 | 89.69 | NOTE | |||
r-devel-windows-x86_64 | 0.1.1 | 7.00 | 64.00 | 71.00 | NOTE | |
r-patched-linux-x86_64 | 0.1.1 | 7.04 | 65.27 | 72.31 | NOTE | |
r-release-linux-x86_64 | 0.1.1 | 7.86 | 65.17 | 73.03 | NOTE | |
r-release-macos-arm64 | 0.1.1 | 30.00 | NOTE | |||
r-release-windows-x86_64 | 0.1.1 | 7.00 | 64.00 | 71.00 | NOTE | |
r-oldrel-macos-arm64 | 0.1.1 | 34.00 | NOTE | |||
r-oldrel-macos-x86_64 | 0.1.1 | 49.00 | NOTE | |||
r-oldrel-windows-x86_64 | 0.1.1 | 9.00 | 75.00 | 84.00 | NOTE |
Version: 0.1.1
Check: package subdirectories
Result: NOTE
Problems with news in ‘NEWS.md’:
No news entries found.
Flavors: r-devel-linux-x86_64-debian-clang, r-devel-linux-x86_64-debian-gcc, r-devel-linux-x86_64-fedora-clang, r-devel-linux-x86_64-fedora-gcc, r-devel-windows-x86_64, r-patched-linux-x86_64, r-release-linux-x86_64, r-release-macos-arm64, r-release-windows-x86_64, r-oldrel-macos-arm64, r-oldrel-macos-x86_64, r-oldrel-windows-x86_64
Version: 0.1.1
Check: dependencies in R code
Result: NOTE
Namespace in Imports field not imported from: ‘methods’
All declared Imports should be used.
Flavors: r-devel-linux-x86_64-fedora-clang, r-devel-linux-x86_64-fedora-gcc