Last updated on 2025-10-22 21:50:19 CEST.
Flavor | Version | Tinstall | Tcheck | Ttotal | Status | Flags |
---|---|---|---|---|---|---|
r-devel-linux-x86_64-debian-clang | 0.1.4 | 27.52 | 78.91 | 106.43 | NOTE | |
r-devel-linux-x86_64-debian-gcc | 0.1.4 | 19.26 | 58.37 | 77.63 | OK | |
r-devel-linux-x86_64-fedora-clang | 0.1.4 | 47.00 | 132.78 | 179.78 | OK | |
r-devel-linux-x86_64-fedora-gcc | 0.1.4 | 65.00 | 109.08 | 174.08 | OK | |
r-devel-windows-x86_64 | 0.1.4 | 35.00 | 98.00 | 133.00 | OK | |
r-patched-linux-x86_64 | 0.1.4 | 31.14 | 76.62 | 107.76 | OK | |
r-release-linux-x86_64 | 0.1.4 | 29.67 | 76.09 | 105.76 | OK | |
r-release-macos-arm64 | 0.1.4 | 10.00 | 34.00 | 44.00 | OK | |
r-release-macos-x86_64 | 0.1.4 | 21.00 | 70.00 | 91.00 | OK | |
r-release-windows-x86_64 | 0.1.4 | 33.00 | 102.00 | 135.00 | OK | |
r-oldrel-macos-arm64 | 0.1.4 | 12.00 | 41.00 | 53.00 | OK | |
r-oldrel-macos-x86_64 | 0.1.4 | 19.00 | 75.00 | 94.00 | OK | |
r-oldrel-windows-x86_64 | 0.1.4 | 41.00 | 134.00 | 175.00 | OK |
Version: 0.1.4
Check: HTML version of manual
Result: NOTE
Found the following HTML validation problems:
givens.rotation.html:54:1 (givens.rotation.Rd:14): Warning: missing </ul> before </div>
soft_thresh_R.html:54:1 (soft_thresh_R.Rd:14): Warning: missing </ul> before </div>
Flavor: r-devel-linux-x86_64-debian-clang