CRAN Package Check Results for Package SuperExactTest

Last updated on 2025-02-22 07:51:48 CET.

Flavor Version Tinstall Tcheck Ttotal Status Flags
r-devel-linux-x86_64-debian-clang 1.1.0 5.47 33.47 38.94 NOTE
r-devel-linux-x86_64-debian-gcc 1.1.0 4.07 25.14 29.21 NOTE
r-devel-linux-x86_64-fedora-clang 1.1.0 63.46 NOTE
r-devel-linux-x86_64-fedora-gcc 1.1.0 74.30 NOTE
r-devel-macos-arm64 1.1.0 29.00 NOTE
r-devel-macos-x86_64 1.1.0 47.00 NOTE
r-devel-windows-x86_64 1.1.0 10.00 55.00 65.00 NOTE
r-patched-linux-x86_64 1.1.0 4.95 32.45 37.40 NOTE
r-release-linux-x86_64 1.1.0 4.54 31.81 36.35 NOTE
r-release-macos-arm64 1.1.0 28.00 NOTE
r-release-macos-x86_64 1.1.0 44.00 NOTE
r-release-windows-x86_64 1.1.0 8.00 54.00 62.00 NOTE
r-oldrel-macos-arm64 1.1.0 28.00 OK
r-oldrel-macos-x86_64 1.1.0 41.00 OK
r-oldrel-windows-x86_64 1.1.0 10.00 61.00 71.00 OK

Check Details

Version: 1.1.0
Check: Rd files
Result: NOTE checkRd: (-1) plot.Rd:42: Lost braces; missing escapes or markup? 42 | \item{color.off}{color code; specifying the color for set(s) which are "{absent}" for an intersection.} | ^ Flavors: r-devel-linux-x86_64-debian-clang, r-devel-linux-x86_64-debian-gcc, r-devel-linux-x86_64-fedora-clang, r-devel-linux-x86_64-fedora-gcc, r-devel-macos-arm64, r-devel-macos-x86_64, r-devel-windows-x86_64, r-patched-linux-x86_64, r-release-linux-x86_64, r-release-macos-arm64, r-release-macos-x86_64, r-release-windows-x86_64