CRAN Package Check Results for Package SurvSparse

Last updated on 2025-11-16 07:49:53 CET.

Flavor Version Tinstall Tcheck Ttotal Status Flags
r-devel-linux-x86_64-debian-clang 0.1 5.64 53.54 59.18 NOTE
r-devel-linux-x86_64-debian-gcc 0.1 3.38 37.54 40.92 NOTE
r-devel-linux-x86_64-fedora-clang 0.1 13.00 78.50 91.50 OK
r-devel-linux-x86_64-fedora-gcc 0.1 11.00 78.21 89.21 OK
r-devel-windows-x86_64 0.1 8.00 69.00 77.00 OK
r-patched-linux-x86_64 0.1 4.88 50.12 55.00 OK
r-release-linux-x86_64 0.1 4.77 50.74 55.51 OK
r-release-macos-arm64 0.1 2.00 26.00 28.00 OK
r-release-macos-x86_64 0.1 5.00 53.00 58.00 OK
r-release-windows-x86_64 0.1 7.00 71.00 78.00 OK
r-oldrel-macos-arm64 0.1 3.00 25.00 28.00 OK
r-oldrel-macos-x86_64 0.1 4.00 43.00 47.00 OK
r-oldrel-windows-x86_64 0.1 9.00 90.00 99.00 OK

Check Details

Version: 0.1
Check: CRAN incoming feasibility
Result: NOTE Maintainer: ‘Zhuowei Sun <sunzw21@mails.jlu.edu.cn>’ The Description field contains <arXiv:2310.15877> and Sun, D. et al. (2023) <arXiv:2308.15549>. Please refer to arXiv e-prints via their arXiv DOI <doi:10.48550/arXiv.YYMM.NNNNN>. Flavors: r-devel-linux-x86_64-debian-clang, r-devel-linux-x86_64-debian-gcc