Last updated on 2025-10-24 07:50:06 CEST.
| Flavor | Version | Tinstall | Tcheck | Ttotal | Status | Flags |
|---|---|---|---|---|---|---|
| r-devel-linux-x86_64-debian-clang | 0.14.2 | 17.37 | 132.28 | 149.65 | NOTE | |
| r-devel-linux-x86_64-debian-gcc | 0.14.2 | 10.82 | 87.95 | 98.77 | OK | |
| r-devel-linux-x86_64-fedora-clang | 0.14.2 | 40.00 | 189.46 | 229.46 | OK | |
| r-devel-linux-x86_64-fedora-gcc | 0.14.2 | 34.00 | 194.19 | 228.19 | OK | |
| r-devel-windows-x86_64 | 0.14.2 | 19.00 | 139.00 | 158.00 | OK | |
| r-patched-linux-x86_64 | 0.14.2 | 13.46 | 120.15 | 133.61 | OK | |
| r-release-linux-x86_64 | 0.14.2 | 15.94 | 119.91 | 135.85 | OK | |
| r-release-macos-arm64 | 0.14.2 | 7.00 | 66.00 | 73.00 | OK | |
| r-release-macos-x86_64 | 0.14.2 | 13.00 | 113.00 | 126.00 | OK | |
| r-release-windows-x86_64 | 0.14.2 | 20.00 | 140.00 | 160.00 | OK | |
| r-oldrel-macos-arm64 | 0.14.2 | 6.00 | 61.00 | 67.00 | OK | |
| r-oldrel-macos-x86_64 | 0.14.2 | 11.00 | 90.00 | 101.00 | OK | |
| r-oldrel-windows-x86_64 | 0.14.2 | 26.00 | 175.00 | 201.00 | OK |
Version: 0.14.2
Check: HTML version of manual
Result: NOTE
Found the following HTML validation problems:
age_format_helper.html:49:1 (age_format_helper.Rd:12): Warning: missing </ul> before </div>
sec_format_helper.html:49:1 (sec_format_helper.Rd:12): Warning: missing </ul> before </div>
Flavor: r-devel-linux-x86_64-debian-clang