CRAN Package Check Results for Package SyScSelection

Last updated on 2025-04-29 06:49:57 CEST.

Flavor Version Tinstall Tcheck Ttotal Status Flags
r-devel-linux-x86_64-debian-clang 1.0.2 2.36 23.89 26.25 OK
r-devel-linux-x86_64-debian-gcc 1.0.2 1.64 19.45 21.09 NOTE
r-devel-linux-x86_64-fedora-clang 1.0.2 42.98 OK
r-devel-linux-x86_64-fedora-gcc 1.0.2 53.83 OK
r-devel-windows-x86_64 1.0.2 4.00 46.00 50.00 OK
r-patched-linux-x86_64 1.0.2 2.30 23.77 26.07 OK
r-release-linux-x86_64 1.0.2 2.26 23.84 26.10 OK
r-release-macos-arm64 1.0.2 25.00 OK
r-release-macos-x86_64 1.0.2 39.00 OK
r-release-windows-x86_64 1.0.2 5.00 50.00 55.00 OK
r-oldrel-macos-arm64 1.0.2 22.00 NOTE
r-oldrel-macos-x86_64 1.0.2 35.00 NOTE
r-oldrel-windows-x86_64 1.0.2 3.00 52.00 55.00 NOTE

Check Details

Version: 1.0.2
Check: CRAN incoming feasibility
Result: NOTE Maintainer: ‘Merlin Kopfmann <mghncd+cran@posteo.jp>’ No Authors@R field in DESCRIPTION. Please add one, modifying Authors@R: person(given = "Merlin", family = "Kopfmann", role = c("aut", "cre"), email = "mghncd+cran@posteo.jp") as necessary. Flavor: r-devel-linux-x86_64-debian-gcc

Version: 1.0.2
Check: LazyData
Result: NOTE 'LazyData' is specified without a 'data' directory Flavors: r-oldrel-macos-arm64, r-oldrel-macos-x86_64, r-oldrel-windows-x86_64