Last updated on 2024-06-04 18:48:01 CEST.
Flavor | Version | Tinstall | Tcheck | Ttotal | Status | Flags |
---|---|---|---|---|---|---|
r-devel-linux-x86_64-debian-clang | 0.1.0 | 6.52 | 166.52 | 173.04 | NOTE | |
r-devel-linux-x86_64-debian-gcc | 0.1.0 | 4.26 | 131.00 | 135.26 | NOTE | |
r-devel-linux-x86_64-fedora-clang | 0.1.0 | 219.80 | NOTE | |||
r-devel-linux-x86_64-fedora-gcc | 0.1.0 | 231.42 | NOTE | |||
r-devel-windows-x86_64 | 0.1.0 | 6.00 | 180.00 | 186.00 | NOTE | |
r-patched-linux-x86_64 | 0.1.0 | 4.29 | 169.81 | 174.10 | NOTE | |
r-release-linux-x86_64 | 0.1.0 | 4.43 | 164.82 | 169.25 | NOTE | |
r-release-macos-arm64 | 0.1.0 | 86.00 | NOTE | |||
r-release-windows-x86_64 | 0.1.0 | 6.00 | 184.00 | 190.00 | NOTE | |
r-oldrel-macos-arm64 | 0.1.0 | 92.00 | OK | |||
r-oldrel-macos-x86_64 | 0.1.0 | 143.00 | OK | |||
r-oldrel-windows-x86_64 | 0.1.0 | 8.00 | 220.00 | 228.00 | OK |
Version: 0.1.0
Check: Rd files
Result: NOTE
checkRd: (-1) create_synthetic_example.Rd:10: Lost braces in \itemize; meant \describe ?
checkRd: (-1) create_synthetic_example.Rd:11: Lost braces in \itemize; meant \describe ?
checkRd: (-1) create_synthetic_example.Rd:12: Lost braces in \itemize; meant \describe ?
checkRd: (-1) initial_estimates_example.Rd:10: Lost braces in \itemize; meant \describe ?
checkRd: (-1) initial_estimates_example.Rd:11: Lost braces in \itemize; meant \describe ?
checkRd: (-1) initial_estimates_example.Rd:12: Lost braces in \itemize; meant \describe ?
Flavors: r-devel-linux-x86_64-debian-clang, r-devel-linux-x86_64-debian-gcc, r-devel-linux-x86_64-fedora-clang, r-devel-linux-x86_64-fedora-gcc, r-devel-windows-x86_64, r-patched-linux-x86_64, r-release-linux-x86_64, r-release-macos-arm64, r-release-windows-x86_64
Version: 0.1.0
Check: dependencies in R code
Result: NOTE
Namespaces in Imports field not imported from:
‘MASS’ ‘StackImpute’ ‘arm’ ‘boot’ ‘broom’ ‘knitr’ ‘mvtnorm’
‘randomForest’
All declared Imports should be used.
Flavors: r-devel-linux-x86_64-fedora-clang, r-devel-linux-x86_64-fedora-gcc