Last updated on 2024-06-04 18:48:01 CEST.
Flavor | Version | Tinstall | Tcheck | Ttotal | Status | Flags |
---|---|---|---|---|---|---|
r-devel-linux-x86_64-debian-clang | 1.0.6 | 2.66 | 33.58 | 36.24 | NOTE | |
r-devel-linux-x86_64-debian-gcc | 1.0.6 | 2.15 | 25.70 | 27.85 | NOTE | |
r-devel-linux-x86_64-fedora-clang | 1.0.6 | 47.43 | NOTE | |||
r-devel-linux-x86_64-fedora-gcc | 1.0.6 | 57.81 | NOTE | |||
r-devel-windows-x86_64 | 1.0.6 | 4.00 | 49.00 | 53.00 | NOTE | |
r-patched-linux-x86_64 | 1.0.6 | 2.34 | 32.51 | 34.85 | NOTE | |
r-release-linux-x86_64 | 1.0.6 | 2.73 | 32.33 | 35.06 | NOTE | |
r-release-macos-arm64 | 1.0.6 | 24.00 | NOTE | |||
r-release-windows-x86_64 | 1.0.6 | 3.00 | 50.00 | 53.00 | NOTE | |
r-oldrel-macos-arm64 | 1.0.6 | 22.00 | NOTE | |||
r-oldrel-macos-x86_64 | 1.0.6 | 32.00 | NOTE | |||
r-oldrel-windows-x86_64 | 1.0.6 | 4.00 | 51.00 | 55.00 | NOTE |
Version: 1.0.6
Check: LazyData
Result: NOTE
'LazyData' is specified without a 'data' directory
Flavors: r-devel-linux-x86_64-debian-clang, r-devel-linux-x86_64-debian-gcc, r-devel-linux-x86_64-fedora-clang, r-devel-linux-x86_64-fedora-gcc, r-devel-windows-x86_64, r-patched-linux-x86_64, r-release-linux-x86_64, r-release-macos-arm64, r-release-windows-x86_64, r-oldrel-macos-arm64, r-oldrel-macos-x86_64, r-oldrel-windows-x86_64