CRAN Package Check Results for Package TGST

Last updated on 2025-02-22 07:51:49 CET.

Flavor Version Tinstall Tcheck Ttotal Status Flags
r-devel-linux-x86_64-debian-clang 1.0 4.97 62.45 67.42 OK
r-devel-linux-x86_64-debian-gcc 1.0 3.77 46.30 50.07 OK
r-devel-linux-x86_64-fedora-clang 1.0 108.61 NOTE
r-devel-linux-x86_64-fedora-gcc 1.0 117.76 NOTE
r-devel-macos-arm64 1.0 43.00 OK
r-devel-macos-x86_64 1.0 94.00 OK
r-devel-windows-x86_64 1.0 6.00 139.00 145.00 OK
r-patched-linux-x86_64 1.0 4.14 57.99 62.13 OK
r-release-linux-x86_64 1.0 4.52 58.05 62.57 OK
r-release-macos-arm64 1.0 43.00 OK
r-release-macos-x86_64 1.0 73.00 OK
r-release-windows-x86_64 1.0 7.00 128.00 135.00 OK
r-oldrel-macos-arm64 1.0 44.00 OK
r-oldrel-macos-x86_64 1.0 75.00 OK
r-oldrel-windows-x86_64 1.0 8.00 114.00 122.00 OK

Check Details

Version: 1.0
Check: dependencies in R code
Result: NOTE Namespace in Imports field not imported from: ‘knitr’ All declared Imports should be used. Flavors: r-devel-linux-x86_64-fedora-clang, r-devel-linux-x86_64-fedora-gcc