Last updated on 2025-11-12 07:51:07 CET.
| Flavor | Version | Tinstall | Tcheck | Ttotal | Status | Flags |
|---|---|---|---|---|---|---|
| r-devel-linux-x86_64-debian-clang | 0.7.5.3 | 27.28 | 271.53 | 298.81 | NOTE | |
| r-devel-linux-x86_64-debian-gcc | 0.7.5.3 | 18.04 | 150.86 | 168.90 | NOTE | |
| r-devel-linux-x86_64-fedora-clang | 0.7.5.3 | 160.00 | 361.90 | 521.90 | OK | |
| r-devel-linux-x86_64-fedora-gcc | 0.7.5.3 | 67.00 | 415.16 | 482.16 | OK | |
| r-devel-windows-x86_64 | 0.7.5.3 | 33.00 | 371.00 | 404.00 | OK | |
| r-patched-linux-x86_64 | 0.7.5.3 | 28.83 | 252.61 | 281.44 | OK | |
| r-release-linux-x86_64 | 0.7.5.3 | 26.95 | 253.92 | 280.87 | OK | |
| r-release-macos-arm64 | 0.7.5.3 | 17.00 | 117.00 | 134.00 | OK | |
| r-release-macos-x86_64 | 0.7.5.3 | 14.00 | 199.00 | 213.00 | OK | |
| r-release-windows-x86_64 | 0.7.5.3 | 33.00 | 320.00 | 353.00 | OK | |
| r-oldrel-macos-arm64 | 0.7.5.3 | 12.00 | 95.00 | 107.00 | OK | |
| r-oldrel-macos-x86_64 | 0.7.5.3 | 16.00 | 164.00 | 180.00 | OK | |
| r-oldrel-windows-x86_64 | 0.7.5.3 | 41.00 | 421.00 | 462.00 | OK |
Version: 0.7.5.3
Check: CRAN incoming feasibility
Result: NOTE
Maintainer: ‘Jona Lilienthal <lilienthal@statistik.tu-dortmund.de>’
No Authors@R field in DESCRIPTION.
Please add one, modifying
Authors@R: person(given = "Jona",
family = "Lilienthal",
role = c("aut", "cre"),
email = "lilienthal@statistik.tu-dortmund.de")
as necessary.
Flavors: r-devel-linux-x86_64-debian-clang, r-devel-linux-x86_64-debian-gcc