CRAN Package Check Results for Package TSE

Last updated on 2025-02-22 07:51:50 CET.

Flavor Version Tinstall Tcheck Ttotal Status Flags
r-devel-linux-x86_64-debian-clang 0.1.0 2.36 19.57 21.93 OK
r-devel-linux-x86_64-debian-gcc 0.1.0 1.87 15.30 17.17 OK
r-devel-linux-x86_64-fedora-clang 0.1.0 37.35 NOTE
r-devel-linux-x86_64-fedora-gcc 0.1.0 32.73 NOTE
r-devel-macos-arm64 0.1.0 16.00 OK
r-devel-macos-x86_64 0.1.0 25.00 OK
r-devel-windows-x86_64 0.1.0 4.00 121.00 125.00 OK
r-patched-linux-x86_64 0.1.0 2.35 18.81 21.16 OK
r-release-linux-x86_64 0.1.0 2.32 18.49 20.81 OK
r-release-macos-arm64 0.1.0 15.00 OK
r-release-macos-x86_64 0.1.0 21.00 OK
r-release-windows-x86_64 0.1.0 3.00 96.00 99.00 OK
r-oldrel-macos-arm64 0.1.0 16.00 OK
r-oldrel-macos-x86_64 0.1.0 22.00 OK
r-oldrel-windows-x86_64 0.1.0 3.00 118.00 121.00 OK

Check Details

Version: 0.1.0
Check: dependencies in R code
Result: NOTE Namespace in Imports field not imported from: ‘stats’ All declared Imports should be used. Flavors: r-devel-linux-x86_64-fedora-clang, r-devel-linux-x86_64-fedora-gcc