Last updated on 2025-11-11 18:50:09 CET.
| Flavor | Version | Tinstall | Tcheck | Ttotal | Status | Flags |
|---|---|---|---|---|---|---|
| r-devel-linux-x86_64-debian-clang | 0.2.2 | 25.62 | 405.42 | 431.04 | NOTE | |
| r-devel-linux-x86_64-debian-gcc | 0.2.2 | 17.66 | 247.05 | 264.71 | NOTE | |
| r-devel-linux-x86_64-fedora-clang | 0.2.2 | 135.00 | 642.65 | 777.65 | OK | |
| r-devel-linux-x86_64-fedora-gcc | 0.2.2 | 56.00 | 653.36 | 709.36 | OK | |
| r-devel-windows-x86_64 | 0.2.2 | 26.00 | 413.00 | 439.00 | OK | |
| r-patched-linux-x86_64 | 0.2.2 | 23.72 | 383.93 | 407.65 | OK | |
| r-release-linux-x86_64 | 0.2.2 | 23.44 | 386.40 | 409.84 | OK | |
| r-release-macos-arm64 | 0.2.2 | 15.00 | 163.00 | 178.00 | OK | |
| r-release-macos-x86_64 | 0.2.2 | 22.00 | 333.00 | 355.00 | OK | |
| r-release-windows-x86_64 | 0.2.2 | 26.00 | 433.00 | 459.00 | OK | |
| r-oldrel-macos-arm64 | 0.2.2 | 11.00 | 146.00 | 157.00 | OK | |
| r-oldrel-macos-x86_64 | 0.2.2 | 17.00 | 267.00 | 284.00 | OK | |
| r-oldrel-windows-x86_64 | 0.2.2 | 38.00 | 694.00 | 732.00 | OK |
Version: 0.2.2
Check: CRAN incoming feasibility
Result: NOTE
Maintainer: ‘Till Massing <till.massing@uni-due.de>’
The Description field contains
(Massing (2023) <arXiv:2303.07060>). The following references form the
Please refer to arXiv e-prints via their arXiv DOI <doi:10.48550/arXiv.YYMM.NNNNN>.
Flavors: r-devel-linux-x86_64-debian-clang, r-devel-linux-x86_64-debian-gcc