Last updated on 2025-10-22 21:50:23 CEST.
Flavor | Version | Tinstall | Tcheck | Ttotal | Status | Flags |
---|---|---|---|---|---|---|
r-devel-linux-x86_64-debian-clang | 1.0.1 | 9.09 | 80.71 | 89.80 | NOTE | |
r-devel-linux-x86_64-debian-gcc | 1.0.1 | 6.32 | 61.53 | 67.85 | NOTE | |
r-devel-linux-x86_64-fedora-clang | 1.0.1 | 23.00 | 114.97 | 137.97 | OK | |
r-devel-linux-x86_64-fedora-gcc | 1.0.1 | 19.00 | 124.46 | 143.46 | OK | |
r-devel-windows-x86_64 | 1.0.1 | 11.00 | 86.00 | 97.00 | OK | |
r-patched-linux-x86_64 | 1.0.1 | 9.21 | 77.48 | 86.69 | OK | |
r-release-linux-x86_64 | 1.0.1 | 8.89 | 76.17 | 85.06 | OK | |
r-release-macos-arm64 | 1.0.1 | 5.00 | 62.00 | 67.00 | OK | |
r-release-macos-x86_64 | 1.0.1 | 9.00 | 98.00 | 107.00 | OK | |
r-release-windows-x86_64 | 1.0.1 | 13.00 | 92.00 | 105.00 | OK | |
r-oldrel-macos-arm64 | 1.0.1 | 4.00 | 43.00 | 47.00 | OK | |
r-oldrel-macos-x86_64 | 1.0.1 | 7.00 | 70.00 | 77.00 | OK | |
r-oldrel-windows-x86_64 | 1.0.1 | 14.00 | 108.00 | 122.00 | OK |
Version: 1.0.1
Check: CRAN incoming feasibility
Result: NOTE
Maintainer: ‘Mingyang Ren <renmingyang17@mails.ucas.ac.cn>’
The Description field contains
M., Zhen Y., and Wang J. (2022) <arXiv:2211.09391> "Transfer learning
<arXiv:2310.10239> "Structural transfer learning of non-Gaussian DAG".
Please refer to arXiv e-prints via their arXiv DOI <doi:10.48550/arXiv.YYMM.NNNNN>.
Flavors: r-devel-linux-x86_64-debian-clang, r-devel-linux-x86_64-debian-gcc