CRAN Package Check Results for Package TransModel

Last updated on 2025-11-12 19:52:07 CET.

Flavor Version Tinstall Tcheck Ttotal Status Flags
r-devel-linux-x86_64-debian-clang 2.3 6.16 56.06 62.22 NOTE
r-devel-linux-x86_64-debian-gcc 2.3 4.99 43.03 48.02 NOTE
r-devel-linux-x86_64-fedora-clang 2.3 15.00 80.85 95.85 OK
r-devel-linux-x86_64-fedora-gcc 2.3 14.00 79.24 93.24 OK
r-devel-windows-x86_64 2.3 8.00 67.00 75.00 OK
r-patched-linux-x86_64 2.3 6.47 53.61 60.08 OK
r-release-linux-x86_64 2.3 5.79 53.80 59.59 OK
r-release-macos-arm64 2.3 3.00 31.00 34.00 OK
r-release-macos-x86_64 2.3 9.00 58.00 67.00 OK
r-release-windows-x86_64 2.3 8.00 67.00 75.00 OK
r-oldrel-macos-arm64 2.3 3.00 28.00 31.00 OK
r-oldrel-macos-x86_64 2.3 6.00 41.00 47.00 OK
r-oldrel-windows-x86_64 2.3 10.00 79.00 89.00 OK

Check Details

Version: 2.3
Check: CRAN incoming feasibility
Result: NOTE Maintainer: ‘Jie Zhou <zhoujie02569@gmail.com>’ No Authors@R field in DESCRIPTION. Please add one, modifying Authors@R: c(person(given = "Jie", family = "Zhou", role = c("aut", "cre"), email = "zhoujie02569@gmail.com"), person(given = "Jiajia", family = "Zhang", role = "aut"), person(given = "Wenbin", family = "Lu", role = "aut")) as necessary. Flavors: r-devel-linux-x86_64-debian-clang, r-devel-linux-x86_64-debian-gcc