CRAN Package Check Results for Package UBayFS

Last updated on 2025-10-22 07:50:35 CEST.

Flavor Version Tinstall Tcheck Ttotal Status Flags
r-devel-linux-x86_64-debian-clang 1.0 22.45 307.67 330.12 NOTE
r-devel-linux-x86_64-debian-gcc 1.0 16.58 252.94 269.52 NOTE
r-devel-linux-x86_64-fedora-clang 1.0 47.00 443.57 490.57 OK
r-devel-linux-x86_64-fedora-gcc 1.0 45.00 419.32 464.32 OK
r-devel-windows-x86_64 1.0 23.00 219.00 242.00 OK
r-patched-linux-x86_64 1.0 21.00 270.31 291.31 OK
r-release-linux-x86_64 1.0 19.57 271.99 291.56 OK
r-release-macos-arm64 1.0 10.00 113.00 123.00 OK
r-release-macos-x86_64 1.0 18.00 198.00 216.00 OK
r-release-windows-x86_64 1.0 22.00 217.00 239.00 OK
r-oldrel-macos-arm64 1.0 11.00 102.00 113.00 OK
r-oldrel-macos-x86_64 1.0 15.00 170.00 185.00 OK
r-oldrel-windows-x86_64 1.0 31.00 288.00 319.00 OK

Check Details

Version: 1.0
Check: HTML version of manual
Result: NOTE Found the following HTML validation problems: posteriorExpectation.html:46:1 (posteriorExpectation.Rd:10): Warning: missing </ul> before </div> Flavors: r-devel-linux-x86_64-debian-clang, r-devel-linux-x86_64-debian-gcc