CRAN Package Check Results for Package VetResearchLMM

Last updated on 2025-02-22 07:51:50 CET.

Flavor Version Tinstall Tcheck Ttotal Status Flags
r-devel-linux-x86_64-debian-clang 1.0.0 10.28 86.54 96.82 NOTE
r-devel-linux-x86_64-debian-gcc 1.0.0 6.70 63.31 70.01 NOTE
r-devel-linux-x86_64-fedora-clang 1.0.0 148.50 NOTE
r-devel-linux-x86_64-fedora-gcc 1.0.0 140.02 NOTE
r-devel-macos-arm64 1.0.0 44.00 NOTE
r-devel-macos-x86_64 1.0.0 103.00 NOTE
r-devel-windows-x86_64 1.0.0 12.00 94.00 106.00 NOTE
r-patched-linux-x86_64 1.0.0 8.62 79.62 88.24 NOTE
r-release-linux-x86_64 1.0.0 8.56 80.77 89.33 NOTE
r-release-macos-arm64 1.0.0 43.00 NOTE
r-release-macos-x86_64 1.0.0 78.00 NOTE
r-release-windows-x86_64 1.0.0 11.00 94.00 105.00 NOTE
r-oldrel-macos-arm64 1.0.0 47.00 NOTE
r-oldrel-macos-x86_64 1.0.0 75.00 NOTE
r-oldrel-windows-x86_64 1.0.0 15.00 118.00 133.00 NOTE

Check Details

Version: 1.0.0
Check: Rd files
Result: NOTE checkRd: (-1) ex121.Rd:18: Escaped LaTeX specials: \& checkRd: (-1) ex124.Rd:18: Escaped LaTeX specials: \& checkRd: (-1) ex125.Rd:18: Escaped LaTeX specials: \& checkRd: (-1) ex127.Rd:18: Escaped LaTeX specials: \& checkRd: (-1) ex32.Rd:18: Escaped LaTeX specials: \& checkRd: (-1) ex33.Rd:18: Escaped LaTeX specials: \& Flavors: r-devel-linux-x86_64-debian-clang, r-devel-linux-x86_64-debian-gcc, r-devel-linux-x86_64-fedora-clang, r-devel-linux-x86_64-fedora-gcc, r-devel-macos-arm64, r-devel-macos-x86_64, r-devel-windows-x86_64, r-patched-linux-x86_64, r-release-linux-x86_64, r-release-macos-arm64, r-release-macos-x86_64, r-release-windows-x86_64, r-oldrel-macos-arm64, r-oldrel-macos-x86_64, r-oldrel-windows-x86_64

Version: 1.0.0
Check: dependencies in R code
Result: NOTE Namespace in Imports field not imported from: ‘nlme’ All declared Imports should be used. Flavors: r-devel-linux-x86_64-fedora-clang, r-devel-linux-x86_64-fedora-gcc