Last updated on 2024-06-04 18:48:02 CEST.
Flavor | Version | Tinstall | Tcheck | Ttotal | Status | Flags |
---|---|---|---|---|---|---|
r-devel-linux-x86_64-debian-clang | 2.5.0 | 32.71 | 162.61 | 195.32 | NOTE | |
r-devel-linux-x86_64-debian-gcc | 2.5.0 | 28.09 | 109.73 | 137.82 | NOTE | |
r-devel-linux-x86_64-fedora-clang | 2.5.0 | 232.61 | NOTE | |||
r-devel-linux-x86_64-fedora-gcc | 2.5.0 | 230.89 | NOTE | |||
r-devel-windows-x86_64 | 2.5.0 | 36.00 | 147.00 | 183.00 | NOTE | |
r-patched-linux-x86_64 | 2.5.0 | 34.82 | 150.88 | 185.70 | NOTE | |
r-release-linux-x86_64 | 2.5.0 | 33.86 | 154.12 | 187.98 | NOTE | |
r-release-macos-arm64 | 2.5.0 | 55.00 | NOTE | |||
r-release-windows-x86_64 | 2.5.0 | 38.00 | 149.00 | 187.00 | NOTE | |
r-oldrel-macos-arm64 | 2.5.0 | 67.00 | OK | |||
r-oldrel-macos-x86_64 | 2.5.0 | 175.00 | OK | |||
r-oldrel-windows-x86_64 | 2.5.0 | 45.00 | 177.00 | 222.00 | OK |
Version: 2.5.0
Check: Rd files
Result: NOTE
checkRd: (-1) RVineMatrix.Rd:90: Lost braces in \itemize; \value handles \item{}{} directly
checkRd: (-1) RVineMatrix.Rd:91: Lost braces in \itemize; \value handles \item{}{} directly
checkRd: (-1) RVineMatrix.Rd:92: Lost braces in \itemize; \value handles \item{}{} directly
Flavors: r-devel-linux-x86_64-debian-clang, r-devel-linux-x86_64-debian-gcc, r-devel-linux-x86_64-fedora-clang, r-devel-linux-x86_64-fedora-gcc, r-devel-windows-x86_64, r-patched-linux-x86_64, r-release-linux-x86_64, r-release-macos-arm64, r-release-windows-x86_64
Version: 2.5.0
Check: HTML version of manual
Result: NOTE
Found the following HTML validation problems:
RVineClarkeTest.html:56:32 (RVineClarkeTest.Rd:31): Warning: trimming empty <code>
RVineClarkeTest.html:68:32 (RVineClarkeTest.Rd:41): Warning: trimming empty <code>
Flavors: r-devel-linux-x86_64-debian-clang, r-devel-linux-x86_64-debian-gcc, r-devel-linux-x86_64-fedora-clang, r-devel-linux-x86_64-fedora-gcc, r-devel-windows-x86_64, r-patched-linux-x86_64, r-release-linux-x86_64, r-release-windows-x86_64
Version: 2.5.0
Check: Rd cross-references
Result: NOTE
Undeclared packages ‘foreach’, ‘copula’ in Rd xrefs
Flavor: r-devel-linux-x86_64-fedora-clang