Last updated on 2025-02-22 07:51:51 CET.
Flavor | Version | Tinstall | Tcheck | Ttotal | Status | Flags |
---|---|---|---|---|---|---|
r-devel-linux-x86_64-debian-clang | 1.0.4 | 15.62 | 241.61 | 257.23 | NOTE | |
r-devel-linux-x86_64-debian-gcc | 1.0.4 | 11.62 | 168.84 | 180.46 | NOTE | |
r-devel-linux-x86_64-fedora-clang | 1.0.4 | 411.39 | NOTE | |||
r-devel-linux-x86_64-fedora-gcc | 1.0.4 | 412.02 | NOTE | |||
r-devel-macos-arm64 | 1.0.4 | 139.00 | OK | |||
r-devel-macos-x86_64 | 1.0.4 | 332.00 | NOTE | |||
r-devel-windows-x86_64 | 1.0.4 | 18.00 | 241.00 | 259.00 | NOTE | |
r-patched-linux-x86_64 | 1.0.4 | 14.03 | 228.83 | 242.86 | OK | |
r-release-linux-x86_64 | 1.0.4 | 16.34 | 229.71 | 246.05 | OK | |
r-release-macos-arm64 | 1.0.4 | 143.00 | OK | |||
r-release-macos-x86_64 | 1.0.4 | 225.00 | OK | |||
r-release-windows-x86_64 | 1.0.4 | 20.00 | 246.00 | 266.00 | OK | |
r-oldrel-macos-arm64 | 1.0.4 | 141.00 | OK | |||
r-oldrel-macos-x86_64 | 1.0.4 | 261.00 | OK | |||
r-oldrel-windows-x86_64 | 1.0.4 | 24.00 | 293.00 | 317.00 | OK |
Version: 1.0.4
Check: DESCRIPTION meta-information
Result: NOTE
Missing dependency on R >= 4.1.0 because package code uses the pipe
|> or function shorthand \(...) syntax added in R 4.1.0.
File(s) using such syntax:
‘plot_network.R’
Flavors: r-devel-linux-x86_64-debian-clang, r-devel-linux-x86_64-debian-gcc, r-devel-linux-x86_64-fedora-clang, r-devel-linux-x86_64-fedora-gcc, r-devel-macos-x86_64, r-devel-windows-x86_64