Last updated on 2024-06-04 18:48:03 CEST.
Flavor | Version | Tinstall | Tcheck | Ttotal | Status | Flags |
---|---|---|---|---|---|---|
r-devel-linux-x86_64-debian-clang | 0.2.2 | 6.51 | 49.40 | 55.91 | OK | |
r-devel-linux-x86_64-debian-gcc | 0.2.2 | 5.56 | 36.54 | 42.10 | OK | |
r-devel-linux-x86_64-fedora-clang | 0.2.2 | 70.02 | NOTE | |||
r-devel-linux-x86_64-fedora-gcc | 0.2.2 | 65.42 | NOTE | |||
r-devel-windows-x86_64 | 0.2.2 | 8.00 | 55.00 | 63.00 | OK | |
r-patched-linux-x86_64 | 0.2.2 | 6.24 | 45.71 | 51.95 | OK | |
r-release-linux-x86_64 | 0.2.2 | 4.33 | 46.05 | 50.38 | OK | |
r-release-macos-arm64 | 0.2.2 | 26.00 | OK | |||
r-release-macos-x86_64 | 0.2.2 | 60.00 | OK | |||
r-release-windows-x86_64 | 0.2.2 | 7.00 | 55.00 | 62.00 | OK | |
r-oldrel-macos-arm64 | 0.2.2 | 32.00 | OK | |||
r-oldrel-macos-x86_64 | 0.2.2 | 50.00 | OK | |||
r-oldrel-windows-x86_64 | 0.2.2 | 10.00 | 63.00 | 73.00 | OK |
Version: 0.2.2
Check: data for non-ASCII characters
Result: NOTE
Note: found 9378 marked UTF-8 strings
Flavors: r-devel-linux-x86_64-fedora-clang, r-devel-linux-x86_64-fedora-gcc