CRAN Package Check Results for Package adaptMCMC

Last updated on 2025-07-03 07:50:31 CEST.

Flavor Version Tinstall Tcheck Ttotal Status Flags
r-devel-linux-x86_64-debian-clang 1.5 6.51 51.50 58.01 NOTE
r-devel-linux-x86_64-debian-gcc 1.5 4.90 40.18 45.08 NOTE
r-devel-linux-x86_64-fedora-clang 1.5 87.00 OK
r-devel-linux-x86_64-fedora-gcc 1.5 82.55 OK
r-devel-windows-x86_64 1.5 7.00 66.00 73.00 OK
r-patched-linux-x86_64 1.5 6.12 49.10 55.22 OK
r-release-linux-x86_64 1.5 5.24 48.93 54.17 OK
r-release-macos-arm64 1.5 47.00 OK
r-release-macos-x86_64 1.5 56.00 OK
r-release-windows-x86_64 1.5 7.00 66.00 73.00 OK
r-oldrel-macos-arm64 1.5 30.00 OK
r-oldrel-macos-x86_64 1.5 71.00 OK
r-oldrel-windows-x86_64 1.5 11.00 82.00 93.00 OK

Check Details

Version: 1.5
Check: CRAN incoming feasibility
Result: NOTE Maintainer: ‘Andreas Scheidegger <andreas.scheidegger@eawag.ch>’ No Authors@R field in DESCRIPTION. Please add one, modifying Authors@R: c(person(given = "Andreas", family = "Scheidegger", role = c("aut", "cre"), email = "andreas.scheidegger@eawag.ch"), person(role = "aut", email = "andreas.scheidegger@eawag.ch"), person(role = "aut", email = "scheidegger.a@gmail.com")) as necessary. Flavors: r-devel-linux-x86_64-debian-clang, r-devel-linux-x86_64-debian-gcc