CRAN Package Check Results for Package addScales

Last updated on 2025-02-22 07:51:25 CET.

Flavor Version Tinstall Tcheck Ttotal Status Flags
r-devel-linux-x86_64-debian-clang 1.0-1 2.63 45.51 48.14 NOTE
r-devel-linux-x86_64-debian-gcc 1.0-1 2.12 35.55 37.67 NOTE
r-devel-linux-x86_64-fedora-clang 1.0-1 69.66 OK
r-devel-linux-x86_64-fedora-gcc 1.0-1 86.38 OK
r-devel-macos-arm64 1.0-1 31.00 OK
r-devel-macos-x86_64 1.0-1 67.00 OK
r-devel-windows-x86_64 1.0-1 5.00 60.00 65.00 NOTE
r-patched-linux-x86_64 1.0-1 2.55 43.74 46.29 OK
r-release-linux-x86_64 1.0-1 2.63 43.50 46.13 OK
r-release-macos-arm64 1.0-1 36.00 OK
r-release-macos-x86_64 1.0-1 52.00 OK
r-release-windows-x86_64 1.0-1 4.00 59.00 63.00 OK
r-oldrel-macos-arm64 1.0-1 29.00 OK
r-oldrel-macos-x86_64 1.0-1 44.00 OK
r-oldrel-windows-x86_64 1.0-1 4.00 68.00 72.00 OK

Check Details

Version: 1.0-1
Check: Rd cross-references
Result: NOTE Found the following Rd file(s) with Rd \link{} targets missing package anchors: addScales.Rd: panel.text, xyplot, panel.refline panel.addScales.Rd: panel.text, panel.refline prepanel.trim.Rd: xyplot, prepanel.default.xyplot update.scaledTrellis.Rd: update.trellis Please provide package anchors for all Rd \link{} targets not in the package itself and the base packages. Flavors: r-devel-linux-x86_64-debian-clang, r-devel-linux-x86_64-debian-gcc, r-devel-windows-x86_64