Last updated on 2025-11-19 19:49:59 CET.
| Flavor | Version | Tinstall | Tcheck | Ttotal | Status | Flags |
|---|---|---|---|---|---|---|
| r-devel-linux-x86_64-debian-clang | 0.1.0 | 4.02 | 39.64 | 43.66 | OK | |
| r-devel-linux-x86_64-debian-gcc | 0.1.0 | 2.70 | 29.92 | 32.62 | OK | |
| r-devel-linux-x86_64-fedora-clang | 0.1.0 | 10.00 | 57.10 | 67.10 | OK | |
| r-devel-linux-x86_64-fedora-gcc | 0.1.0 | 62.36 | OK | |||
| r-devel-windows-x86_64 | 0.1.0 | 9.00 | 53.00 | 62.00 | OK | |
| r-patched-linux-x86_64 | 0.1.0 | 4.04 | 36.70 | 40.74 | OK | |
| r-release-linux-x86_64 | 0.1.0 | 3.65 | 36.75 | 40.40 | OK | |
| r-release-macos-arm64 | 0.1.0 | OK | ||||
| r-release-macos-x86_64 | 0.1.0 | 4.00 | 35.00 | 39.00 | OK | |
| r-release-windows-x86_64 | 0.1.0 | 6.00 | 52.00 | 58.00 | OK | |
| r-oldrel-macos-arm64 | 0.1.0 | NOTE | ||||
| r-oldrel-macos-x86_64 | 0.1.0 | 4.00 | 33.00 | 37.00 | NOTE | |
| r-oldrel-windows-x86_64 | 0.1.0 | 9.00 | 62.00 | 71.00 | NOTE |
Version: 0.1.0
Check: LazyData
Result: NOTE
'LazyData' is specified without a 'data' directory
Flavors: r-oldrel-macos-arm64, r-oldrel-macos-x86_64, r-oldrel-windows-x86_64