Last updated on 2025-10-21 18:49:39 CEST.
Flavor | Version | Tinstall | Tcheck | Ttotal | Status | Flags |
---|---|---|---|---|---|---|
r-devel-linux-x86_64-debian-clang | 0.7.0 | 19.38 | 47.70 | 67.08 | NOTE | |
r-devel-linux-x86_64-debian-gcc | 0.7.0 | 14.11 | 37.97 | 52.08 | NOTE | |
r-devel-linux-x86_64-fedora-clang | 0.7.0 | 81.00 | 28.90 | 109.90 | OK | |
r-devel-linux-x86_64-fedora-gcc | 0.7.0 | 104.00 | 9.62 | 113.62 | OK | |
r-devel-windows-x86_64 | 0.7.0 | 28.00 | 69.00 | 97.00 | OK | |
r-patched-linux-x86_64 | 0.7.0 | 23.17 | 46.99 | 70.16 | OK | |
r-release-linux-x86_64 | 0.7.0 | 19.01 | 47.65 | 66.66 | OK | |
r-release-macos-arm64 | 0.7.0 | 19.00 | 31.00 | 50.00 | OK | |
r-release-macos-x86_64 | 0.7.0 | 40.00 | 59.00 | 99.00 | OK | |
r-release-windows-x86_64 | 0.7.0 | 29.00 | 71.00 | 100.00 | OK | |
r-oldrel-macos-arm64 | 0.7.0 | 17.00 | 34.00 | 51.00 | OK | |
r-oldrel-macos-x86_64 | 0.7.0 | 28.00 | 44.00 | 72.00 | OK | |
r-oldrel-windows-x86_64 | 0.7.0 | 36.00 | 96.00 | 132.00 | OK |
Version: 0.7.0
Check: HTML version of manual
Result: NOTE
Found the following HTML validation problems:
get_terms.html:60:1 (get_terms.Rd:17): Warning: missing </ul> before </div>
Flavors: r-devel-linux-x86_64-debian-clang, r-devel-linux-x86_64-debian-gcc