CRAN Package Check Results for Package ahw

Last updated on 2025-11-02 10:50:35 CET.

Flavor Version Tinstall Tcheck Ttotal Status Flags
r-devel-linux-x86_64-debian-clang 0.1.0 7.85 110.77 118.62 NOTE
r-devel-linux-x86_64-debian-gcc 0.1.0 5.44 89.75 95.19 NOTE
r-devel-linux-x86_64-fedora-clang 0.1.0 17.00 148.81 165.81 OK
r-devel-linux-x86_64-fedora-gcc 0.1.0 18.00 132.26 150.26 OK
r-devel-windows-x86_64 0.1.0 10.00 87.00 97.00 NOTE
r-patched-linux-x86_64 0.1.0 7.06 97.20 104.26 NOTE
r-release-linux-x86_64 0.1.0 7.77 96.87 104.64 NOTE
r-release-macos-arm64 0.1.0 4.00 45.00 49.00 OK
r-release-macos-x86_64 0.1.0 7.00 83.00 90.00 OK
r-release-windows-x86_64 0.1.0 10.00 86.00 96.00 NOTE
r-oldrel-macos-arm64 0.1.0 3.00 38.00 41.00 OK
r-oldrel-macos-x86_64 0.1.0 5.00 60.00 65.00 OK
r-oldrel-windows-x86_64 0.1.0 12.00 114.00 126.00 OK

Check Details

Version: 0.1.0
Check: Rd cross-references
Result: NOTE Found the following Rd file(s) with Rd \link{} targets missing package anchors: addNoiseAtEventTimes.Rd: data.table makeContWeights.Rd: data.table weightPredict.Rd: data.table Please provide package anchors for all Rd \link{} targets not in the package itself and the base packages. Flavors: r-devel-linux-x86_64-debian-clang, r-devel-linux-x86_64-debian-gcc, r-devel-windows-x86_64, r-patched-linux-x86_64, r-release-linux-x86_64, r-release-windows-x86_64