Last updated on 2025-02-22 07:51:25 CET.
Flavor | Version | Tinstall | Tcheck | Ttotal | Status | Flags |
---|---|---|---|---|---|---|
r-devel-linux-x86_64-debian-clang | 1.0-2 | 13.93 | 145.02 | 158.95 | NOTE | |
r-devel-linux-x86_64-debian-gcc | 1.0-2 | 10.07 | 97.96 | 108.03 | NOTE | |
r-devel-linux-x86_64-fedora-clang | 1.0-2 | 248.37 | OK | |||
r-devel-linux-x86_64-fedora-gcc | 1.0-2 | 256.04 | OK | |||
r-devel-macos-arm64 | 1.0-2 | 68.00 | OK | |||
r-devel-macos-x86_64 | 1.0-2 | 136.00 | OK | |||
r-devel-windows-x86_64 | 1.0-2 | 16.00 | 131.00 | 147.00 | NOTE | |
r-patched-linux-x86_64 | 1.0-2 | 14.17 | 131.06 | 145.23 | OK | |
r-release-linux-x86_64 | 1.0-2 | 12.29 | 134.09 | 146.38 | OK | |
r-release-macos-arm64 | 1.0-2 | 66.00 | OK | |||
r-release-macos-x86_64 | 1.0-2 | 105.00 | OK | |||
r-release-windows-x86_64 | 1.0-2 | 18.00 | 131.00 | 149.00 | OK | |
r-oldrel-macos-arm64 | 1.0-2 | 86.00 | OK | |||
r-oldrel-macos-x86_64 | 1.0-2 | 218.00 | OK | |||
r-oldrel-windows-x86_64 | 1.0-2 | 23.00 | 166.00 | 189.00 | OK |
Version: 1.0-2
Check: Rd cross-references
Result: NOTE
Found the following Rd file(s) with Rd \link{} targets missing package
anchors:
ammiBayes.conf.plot.Rd: lattice
ammiBayes.mean.plot.Rd: lattice
Please provide package anchors for all Rd \link{} targets not in the
package itself and the base packages.
Flavors: r-devel-linux-x86_64-debian-clang, r-devel-linux-x86_64-debian-gcc, r-devel-windows-x86_64