Last updated on 2025-11-11 18:49:48 CET.
| Flavor | Version | Tinstall | Tcheck | Ttotal | Status | Flags |
|---|---|---|---|---|---|---|
| r-devel-linux-x86_64-debian-clang | 1.1.0 | 26.70 | 158.79 | 185.49 | OK | |
| r-devel-linux-x86_64-debian-gcc | 1.1.0 | 18.70 | 109.71 | 128.41 | OK | |
| r-devel-linux-x86_64-fedora-clang | 1.1.0 | 60.00 | 225.29 | 285.29 | NOTE | |
| r-devel-linux-x86_64-fedora-gcc | 1.1.0 | 59.00 | 226.76 | 285.76 | NOTE | |
| r-devel-windows-x86_64 | 1.1.0 | 31.00 | 162.00 | 193.00 | OK | |
| r-patched-linux-x86_64 | 1.1.0 | 25.46 | 145.69 | 171.15 | OK | |
| r-release-linux-x86_64 | 1.1.0 | 23.43 | 146.94 | 170.37 | OK | |
| r-release-macos-arm64 | 1.1.0 | 11.00 | 66.00 | 77.00 | OK | |
| r-release-macos-x86_64 | 1.1.0 | 19.00 | 134.00 | 153.00 | OK | |
| r-release-windows-x86_64 | 1.1.0 | 30.00 | 154.00 | 184.00 | OK | |
| r-oldrel-macos-arm64 | 1.1.0 | 12.00 | 66.00 | 78.00 | OK | |
| r-oldrel-macos-x86_64 | 1.1.0 | 16.00 | 95.00 | 111.00 | OK | |
| r-oldrel-windows-x86_64 | 1.1.0 | 38.00 | 201.00 | 239.00 | OK |
Version: 1.1.0
Check: dependencies in R code
Result: NOTE
Namespace in Imports field not imported from: ‘kernlab’
All declared Imports should be used.
Flavors: r-devel-linux-x86_64-fedora-clang, r-devel-linux-x86_64-fedora-gcc