Last updated on 2025-07-28 19:50:32 CEST.
Flavor | Version | Tinstall | Tcheck | Ttotal | Status | Flags |
---|---|---|---|---|---|---|
r-devel-linux-x86_64-debian-clang | 2.7 | 4.09 | 44.60 | 48.69 | NOTE | |
r-devel-linux-x86_64-debian-gcc | 2.7 | 3.53 | 33.04 | 36.57 | NOTE | |
r-devel-linux-x86_64-fedora-clang | 2.7 | 71.39 | OK | |||
r-devel-linux-x86_64-fedora-gcc | 2.7 | 68.82 | OK | |||
r-devel-windows-x86_64 | 2.7 | 10.00 | 86.00 | 96.00 | OK | |
r-patched-linux-x86_64 | 2.7 | 6.11 | 40.20 | 46.31 | NOTE | |
r-release-linux-x86_64 | 2.7 | 4.80 | 40.17 | 44.97 | NOTE | |
r-release-macos-arm64 | 2.7 | 28.00 | OK | |||
r-release-macos-x86_64 | 2.7 | 45.00 | OK | |||
r-release-windows-x86_64 | 2.7 | 7.00 | 73.00 | 80.00 | OK | |
r-oldrel-macos-arm64 | 2.7 | 31.00 | OK | |||
r-oldrel-macos-x86_64 | 2.7 | 36.00 | OK | |||
r-oldrel-windows-x86_64 | 2.7 | 9.00 | 80.00 | 89.00 | OK |
Version: 2.7
Check: CRAN incoming feasibility
Result: NOTE
Maintainer: ‘Yihui Xie <xie@yihui.name>’
Package CITATION file contains call(s) to old-style personList() or
as.personList(). Please use c() on person objects instead.
Package CITATION file contains call(s) to old-style citEntry(). Please
use bibentry() instead.
Flavors: r-devel-linux-x86_64-debian-clang, r-devel-linux-x86_64-debian-gcc
Version: 2.7
Check: for unstated dependencies in ‘demo’
Result: NOTE
'library' or 'require' calls not declared from:
‘Cairo’ ‘fImport’ ‘rgl’ ‘zoo’
Flavors: r-devel-linux-x86_64-debian-clang, r-devel-linux-x86_64-debian-gcc, r-patched-linux-x86_64, r-release-linux-x86_64