Last updated on 2025-02-21 19:50:20 CET.
Flavor | Version | Tinstall | Tcheck | Ttotal | Status | Flags |
---|---|---|---|---|---|---|
r-devel-linux-x86_64-debian-clang | 0.1.6 | 72.23 | 19.77 | 92.00 | OK | |
r-devel-linux-x86_64-debian-gcc | 0.1.6 | 55.78 | 16.39 | 72.17 | OK | |
r-devel-linux-x86_64-fedora-clang | 0.1.6 | 151.58 | OK | |||
r-devel-linux-x86_64-fedora-gcc | 0.1.6 | 146.68 | OK | |||
r-devel-macos-arm64 | 0.1.6 | 47.00 | OK | |||
r-devel-macos-x86_64 | 0.1.6 | 97.00 | OK | |||
r-devel-windows-x86_64 | 0.1.6 | 76.00 | 63.00 | 139.00 | OK | |
r-patched-linux-x86_64 | 0.1.6 | 72.66 | 19.06 | 91.72 | OK | |
r-release-linux-x86_64 | 0.1.6 | 73.83 | 18.86 | 92.69 | OK | |
r-release-macos-arm64 | 0.1.6 | 42.00 | NOTE | |||
r-release-macos-x86_64 | 0.1.6 | 57.00 | NOTE | |||
r-release-windows-x86_64 | 0.1.6 | 80.00 | 59.00 | 139.00 | OK | |
r-oldrel-macos-arm64 | 0.1.6 | 47.00 | NOTE | |||
r-oldrel-macos-x86_64 | 0.1.6 | 70.00 | NOTE | |||
r-oldrel-windows-x86_64 | 0.1.6 | 87.00 | 70.00 | 157.00 | OK |
Version: 0.1.6
Check: installed package size
Result: NOTE
installed size is 8.3Mb
sub-directories of 1Mb or more:
libs 8.2Mb
Flavors: r-release-macos-arm64, r-release-macos-x86_64, r-oldrel-macos-arm64, r-oldrel-macos-x86_64