Last updated on 2024-06-04 18:47:44 CEST.
Flavor | Version | Tinstall | Tcheck | Ttotal | Status | Flags |
---|---|---|---|---|---|---|
r-devel-linux-x86_64-debian-clang | 0.6.3 | 13.21 | 156.07 | 169.28 | OK | |
r-devel-linux-x86_64-debian-gcc | 0.6.3 | 12.43 | 118.01 | 130.44 | OK | |
r-devel-linux-x86_64-fedora-clang | 0.6.3 | 207.96 | NOTE | |||
r-devel-linux-x86_64-fedora-gcc | 0.6.3 | 213.50 | OK | |||
r-devel-windows-x86_64 | 0.6.3 | 13.00 | 135.00 | 148.00 | OK | |
r-patched-linux-x86_64 | 0.6.3 | 17.75 | 146.74 | 164.49 | OK | |
r-release-linux-x86_64 | 0.6.3 | 10.02 | 145.20 | 155.22 | OK | |
r-release-macos-arm64 | 0.6.3 | 67.00 | OK | |||
r-release-windows-x86_64 | 0.6.3 | 12.00 | 135.00 | 147.00 | OK | |
r-oldrel-macos-arm64 | 0.6.3 | 60.00 | OK | |||
r-oldrel-macos-x86_64 | 0.6.3 | 168.00 | OK | |||
r-oldrel-windows-x86_64 | 0.6.3 | 17.00 | 161.00 | 178.00 | OK |
Version: 0.6.3
Check: Rd cross-references
Result: NOTE
Undeclared package ‘beepr’ in Rd xrefs
Flavor: r-devel-linux-x86_64-fedora-clang