CRAN Package Check Results for Package audiometry

Last updated on 2025-11-11 07:51:24 CET.

Flavor Version Tinstall Tcheck Ttotal Status Flags
r-devel-linux-x86_64-debian-clang 0.3.0 4.98 75.39 80.37 NOTE
r-devel-linux-x86_64-debian-gcc 0.3.0 3.99 55.37 59.36 NOTE
r-devel-linux-x86_64-fedora-clang 0.3.0 24.00 109.79 133.79 NOTE
r-devel-linux-x86_64-fedora-gcc 0.3.0 12.00 122.70 134.70 NOTE
r-devel-windows-x86_64 0.3.0 8.00 84.00 92.00 NOTE
r-patched-linux-x86_64 0.3.0 5.09 72.25 77.34 NOTE
r-release-linux-x86_64 0.3.0 4.81 71.98 76.79 NOTE
r-release-macos-arm64 0.3.0 4.00 63.00 67.00 NOTE
r-release-macos-x86_64 0.3.0 4.00 62.00 66.00 NOTE
r-release-windows-x86_64 0.3.0 7.00 84.00 91.00 NOTE
r-oldrel-macos-arm64 0.3.0 2.00 36.00 38.00 OK
r-oldrel-macos-x86_64 0.3.0 4.00 53.00 57.00 OK
r-oldrel-windows-x86_64 0.3.0 9.00 104.00 113.00 OK

Check Details

Version: 0.3.0
Check: CRAN incoming feasibility
Result: NOTE Maintainer: ‘Bernhard Lehnert <bernhard.lehnert@med.uni-greifswald.de>’ No Authors@R field in DESCRIPTION. Please add one, modifying Authors@R: person(given = "Bernhard", family = "Lehnert", role = c("aut", "cre"), email = "bernhard.lehnert@med.uni-greifswald.de") as necessary. Flavors: r-devel-linux-x86_64-debian-clang, r-devel-linux-x86_64-debian-gcc

Version: 0.3.0
Check: DESCRIPTION meta-information
Result: NOTE Missing dependency on R >= 4.1.0 because package code uses the pipe |> or function shorthand \(...) syntax added in R 4.1.0. File(s) using such syntax: ‘gg_freiburg.Rd’ Flavors: r-devel-linux-x86_64-debian-clang, r-devel-linux-x86_64-debian-gcc, r-devel-linux-x86_64-fedora-clang, r-devel-linux-x86_64-fedora-gcc, r-devel-windows-x86_64, r-patched-linux-x86_64, r-release-linux-x86_64, r-release-macos-arm64, r-release-macos-x86_64, r-release-windows-x86_64