CRAN Package Check Results for Package bacistool

Last updated on 2025-02-22 19:50:41 CET.

Flavor Version Tinstall Tcheck Ttotal Status Flags
r-devel-linux-x86_64-debian-clang 1.0.0 2.43 24.21 26.64 OK
r-devel-linux-x86_64-debian-gcc 1.0.0 1.95 19.48 21.43 OK
r-devel-linux-x86_64-fedora-gcc 1.0.0 43.40 OK
r-devel-macos-arm64 1.0.0 19.00 OK
r-devel-macos-x86_64 1.0.0 43.00 OK
r-devel-windows-x86_64 1.0.0 3.00 52.00 55.00 OK
r-patched-linux-x86_64 1.0.0 2.30 23.60 25.90 NOTE
r-release-linux-x86_64 1.0.0 1.99 23.95 25.94 NOTE
r-release-macos-arm64 1.0.0 22.00 NOTE
r-release-macos-x86_64 1.0.0 37.00 NOTE
r-release-windows-x86_64 1.0.0 4.00 51.00 55.00 NOTE
r-oldrel-macos-arm64 1.0.0 19.00 NOTE
r-oldrel-macos-x86_64 1.0.0 26.00 NOTE
r-oldrel-windows-x86_64 1.0.0 4.00 51.00 55.00 NOTE

Check Details

Version: 1.0.0
Check: LazyData
Result: NOTE 'LazyData' is specified without a 'data' directory Flavors: r-patched-linux-x86_64, r-release-linux-x86_64, r-release-macos-arm64, r-release-macos-x86_64, r-release-windows-x86_64, r-oldrel-macos-arm64, r-oldrel-macos-x86_64, r-oldrel-windows-x86_64