Last updated on 2025-02-21 06:49:34 CET.
Flavor | Version | Tinstall | Tcheck | Ttotal | Status | Flags |
---|---|---|---|---|---|---|
r-devel-linux-x86_64-debian-clang | 1.2-5 | 75.08 | 351.52 | 426.60 | OK | |
r-devel-linux-x86_64-debian-gcc | 1.2-5 | 46.40 | 212.95 | 259.35 | OK | |
r-devel-linux-x86_64-fedora-clang | 1.2-5 | 693.80 | OK | |||
r-devel-linux-x86_64-fedora-gcc | 1.2-5 | 682.48 | OK | |||
r-devel-macos-arm64 | 1.2-5 | 156.00 | OK | |||
r-devel-macos-x86_64 | 1.2-5 | 491.00 | OK | |||
r-devel-windows-x86_64 | 1.2-5 | 74.00 | 294.00 | 368.00 | OK | |
r-patched-linux-x86_64 | 1.2-5 | 75.92 | 329.23 | 405.15 | OK | |
r-release-linux-x86_64 | 1.2-5 | 71.90 | 324.10 | 396.00 | OK | |
r-release-macos-arm64 | 1.2-5 | 127.00 | NOTE | |||
r-release-macos-x86_64 | 1.2-5 | 338.00 | NOTE | |||
r-release-windows-x86_64 | 1.2-5 | 71.00 | 296.00 | 367.00 | OK | |
r-oldrel-macos-arm64 | 1.2-5 | 145.00 | NOTE | |||
r-oldrel-macos-x86_64 | 1.2-5 | 348.00 | NOTE | |||
r-oldrel-windows-x86_64 | 1.2-5 | 97.00 | 378.00 | 475.00 | OK |
Version: 1.2-5
Check: installed package size
Result: NOTE
installed size is 5.2Mb
sub-directories of 1Mb or more:
R 3.0Mb
Flavors: r-release-macos-arm64, r-release-macos-x86_64, r-oldrel-macos-arm64, r-oldrel-macos-x86_64