Last updated on 2025-10-22 07:50:08 CEST.
Flavor | Version | Tinstall | Tcheck | Ttotal | Status | Flags |
---|---|---|---|---|---|---|
r-devel-linux-x86_64-debian-clang | 0.2.1 | 2.08 | 27.96 | 30.04 | NOTE | |
r-devel-linux-x86_64-debian-gcc | 0.2.1 | 1.64 | 22.64 | 24.28 | NOTE | |
r-devel-linux-x86_64-fedora-clang | 0.2.1 | 46.61 | OK | |||
r-devel-linux-x86_64-fedora-gcc | 0.2.1 | 58.76 | OK | |||
r-devel-windows-x86_64 | 0.2.1 | 4.00 | 48.00 | 52.00 | OK | |
r-patched-linux-x86_64 | 0.2.1 | 2.10 | 26.34 | 28.44 | OK | |
r-release-linux-x86_64 | 0.2.1 | 1.63 | 25.43 | 27.06 | OK | |
r-release-macos-arm64 | 0.2.1 | 2.00 | 69.00 | 71.00 | OK | |
r-release-macos-x86_64 | 0.2.1 | 2.00 | 75.00 | 77.00 | OK | |
r-release-windows-x86_64 | 0.2.1 | 4.00 | 50.00 | 54.00 | OK | |
r-oldrel-macos-arm64 | 0.2.1 | 1.00 | 31.00 | 32.00 | NOTE | |
r-oldrel-macos-x86_64 | 0.2.1 | 2.00 | 38.00 | 40.00 | NOTE | |
r-oldrel-windows-x86_64 | 0.2.1 | 4.00 | 54.00 | 58.00 | NOTE |
Version: 0.2.1
Check: CRAN incoming feasibility
Result: NOTE
Maintainer: ‘Mohamed El Fodil Ihaddaden <ihaddaden.fodeil@gmail.com>’
No Authors@R field in DESCRIPTION.
Please add one, modifying
Authors@R: person(given = c("Mohamed", "El", "Fodil"),
family = "Ihaddaden",
role = c("aut", "cre"),
email = "ihaddaden.fodeil@gmail.com")
as necessary.
Flavors: r-devel-linux-x86_64-debian-clang, r-devel-linux-x86_64-debian-gcc
Version: 0.2.1
Check: LazyData
Result: NOTE
'LazyData' is specified without a 'data' directory
Flavors: r-oldrel-macos-arm64, r-oldrel-macos-x86_64, r-oldrel-windows-x86_64