Last updated on 2025-02-22 07:51:26 CET.
Flavor | Version | Tinstall | Tcheck | Ttotal | Status | Flags |
---|---|---|---|---|---|---|
r-devel-linux-x86_64-debian-clang | 0.2.1 | 2.15 | 24.14 | 26.29 | OK | |
r-devel-linux-x86_64-debian-gcc | 0.2.1 | 1.64 | 19.37 | 21.01 | OK | |
r-devel-linux-x86_64-fedora-clang | 0.2.1 | 43.51 | OK | |||
r-devel-linux-x86_64-fedora-gcc | 0.2.1 | 60.85 | OK | |||
r-devel-macos-arm64 | 0.2.1 | 35.00 | OK | |||
r-devel-macos-x86_64 | 0.2.1 | 71.00 | OK | |||
r-devel-windows-x86_64 | 0.2.1 | 3.00 | 48.00 | 51.00 | OK | |
r-patched-linux-x86_64 | 0.2.1 | 2.22 | 23.74 | 25.96 | NOTE | |
r-release-linux-x86_64 | 0.2.1 | 1.96 | 23.48 | 25.44 | NOTE | |
r-release-macos-arm64 | 0.2.1 | 32.00 | NOTE | |||
r-release-macos-x86_64 | 0.2.1 | 40.00 | NOTE | |||
r-release-windows-x86_64 | 0.2.1 | 4.00 | 48.00 | 52.00 | NOTE | |
r-oldrel-macos-arm64 | 0.2.1 | 29.00 | NOTE | |||
r-oldrel-macos-x86_64 | 0.2.1 | 56.00 | NOTE | |||
r-oldrel-windows-x86_64 | 0.2.1 | 4.00 | 48.00 | 52.00 | NOTE |
Version: 0.2.1
Check: LazyData
Result: NOTE
'LazyData' is specified without a 'data' directory
Flavors: r-patched-linux-x86_64, r-release-linux-x86_64, r-release-macos-arm64, r-release-macos-x86_64, r-release-windows-x86_64, r-oldrel-macos-arm64, r-oldrel-macos-x86_64, r-oldrel-windows-x86_64