Last updated on 2025-02-21 06:49:34 CET.
Flavor | Version | Tinstall | Tcheck | Ttotal | Status | Flags |
---|---|---|---|---|---|---|
r-devel-linux-x86_64-debian-clang | 7.4-4 | 17.55 | 104.42 | 121.97 | OK | |
r-devel-linux-x86_64-debian-gcc | 7.4-4 | 11.12 | 67.60 | 78.72 | OK | |
r-devel-linux-x86_64-fedora-clang | 7.4-4 | 191.70 | OK | |||
r-devel-linux-x86_64-fedora-gcc | 7.4-4 | 184.55 | OK | |||
r-devel-macos-arm64 | 7.4-4 | 50.00 | OK | |||
r-devel-macos-x86_64 | 7.4-4 | 103.00 | OK | |||
r-devel-windows-x86_64 | 7.4-4 | 23.00 | 116.00 | 139.00 | OK | |
r-patched-linux-x86_64 | 7.4-4 | 19.26 | 96.74 | 116.00 | OK | |
r-release-linux-x86_64 | 7.4-4 | 15.55 | 96.78 | 112.33 | OK | |
r-release-macos-arm64 | 7.4-4 | 51.00 | NOTE | |||
r-release-macos-x86_64 | 7.4-4 | 129.00 | NOTE | |||
r-release-windows-x86_64 | 7.4-4 | 22.00 | 110.00 | 132.00 | OK | |
r-oldrel-macos-arm64 | 7.4-4 | 51.00 | NOTE | |||
r-oldrel-macos-x86_64 | 7.4-4 | 112.00 | NOTE | |||
r-oldrel-windows-x86_64 | 7.4-4 | 29.00 | 148.00 | 177.00 | OK |
Version: 7.4-4
Check: installed package size
Result: NOTE
installed size is 5.8Mb
sub-directories of 1Mb or more:
ex-data 4.6Mb
Flavors: r-release-macos-arm64, r-release-macos-x86_64, r-oldrel-macos-arm64, r-oldrel-macos-x86_64