CRAN Package Check Results for Package bayesdistreg

Last updated on 2025-10-22 21:49:57 CEST.

Flavor Version Tinstall Tcheck Ttotal Status Flags
r-devel-linux-x86_64-debian-clang 0.1.0 2.32 33.15 35.47 NOTE
r-devel-linux-x86_64-debian-gcc 0.1.0 1.82 24.66 26.48 NOTE
r-devel-linux-x86_64-fedora-clang 0.1.0 55.77 NOTE
r-devel-linux-x86_64-fedora-gcc 0.1.0 53.02 NOTE
r-devel-windows-x86_64 0.1.0 3.00 58.00 61.00 NOTE
r-patched-linux-x86_64 0.1.0 2.54 30.51 33.05 NOTE
r-release-linux-x86_64 0.1.0 2.07 30.87 32.94 NOTE
r-release-macos-arm64 0.1.0 1.00 21.00 22.00 NOTE
r-release-macos-x86_64 0.1.0 2.00 36.00 38.00 NOTE
r-release-windows-x86_64 0.1.0 4.00 60.00 64.00 NOTE
r-oldrel-macos-arm64 0.1.0 1.00 22.00 23.00 NOTE
r-oldrel-macos-x86_64 0.1.0 2.00 36.00 38.00 NOTE
r-oldrel-windows-x86_64 0.1.0 5.00 69.00 74.00 NOTE

Check Details

Version: 0.1.0
Check: package subdirectories
Result: NOTE Problems with news in ‘NEWS.md’: No news entries found. Flavors: r-devel-linux-x86_64-debian-clang, r-devel-linux-x86_64-debian-gcc, r-devel-linux-x86_64-fedora-clang, r-devel-linux-x86_64-fedora-gcc, r-devel-windows-x86_64, r-patched-linux-x86_64, r-release-linux-x86_64, r-release-macos-arm64, r-release-macos-x86_64, r-release-windows-x86_64, r-oldrel-macos-arm64, r-oldrel-macos-x86_64, r-oldrel-windows-x86_64

Version: 0.1.0
Check: LazyData
Result: NOTE 'LazyData' is specified without a 'data' directory Flavors: r-oldrel-macos-arm64, r-oldrel-macos-x86_64, r-oldrel-windows-x86_64