Last updated on 2025-11-12 19:51:42 CET.
| Flavor | Version | Tinstall | Tcheck | Ttotal | Status | Flags |
|---|---|---|---|---|---|---|
| r-devel-linux-x86_64-debian-clang | 0.0.2.2 | 232.71 | 229.79 | 462.50 | OK | |
| r-devel-linux-x86_64-debian-gcc | 0.0.2.2 | 215.81 | 176.71 | 392.52 | OK | |
| r-devel-linux-x86_64-fedora-clang | 0.0.2.2 | 1020.00 | -260.60 | 759.40 | NOTE | |
| r-devel-linux-x86_64-fedora-gcc | 0.0.2.2 | 660.00 | 208.32 | 868.32 | NOTE | |
| r-devel-windows-x86_64 | 0.0.2.2 | 280.00 | 293.00 | 573.00 | OK | |
| r-patched-linux-x86_64 | 0.0.2.2 | 278.78 | 239.15 | 517.93 | OK | |
| r-release-linux-x86_64 | 0.0.2.2 | 284.91 | 237.53 | 522.44 | OK | |
| r-release-macos-arm64 | 0.0.2.2 | 94.00 | 95.00 | 189.00 | OK | |
| r-release-macos-x86_64 | 0.0.2.2 | 160.00 | 220.00 | 380.00 | OK | |
| r-release-windows-x86_64 | 0.0.2.2 | 262.00 | 286.00 | 548.00 | OK | |
| r-oldrel-macos-arm64 | 0.0.2.2 | 92.00 | 85.00 | 177.00 | NOTE | |
| r-oldrel-macos-x86_64 | 0.0.2.2 | 118.00 | 124.00 | 242.00 | NOTE | |
| r-oldrel-windows-x86_64 | 0.0.2.2 | 308.00 | 362.00 | 670.00 | NOTE |
Version: 0.0.2.2
Check: dependencies in R code
Result: NOTE
Namespace in Imports field not imported from: ‘rstantools’
All declared Imports should be used.
Flavors: r-devel-linux-x86_64-fedora-clang, r-devel-linux-x86_64-fedora-gcc
Version: 0.0.2.2
Check: installed package size
Result: NOTE
installed size is 54.9Mb
sub-directories of 1Mb or more:
libs 54.5Mb
Flavors: r-oldrel-macos-arm64, r-oldrel-macos-x86_64
Version: 0.0.2.2
Check: for GNU extensions in Makefiles
Result: NOTE
GNU make is a SystemRequirements.
Flavors: r-oldrel-macos-arm64, r-oldrel-macos-x86_64, r-oldrel-windows-x86_64