Last updated on 2025-11-11 18:49:49 CET.
| Flavor | Version | Tinstall | Tcheck | Ttotal | Status | Flags |
|---|---|---|---|---|---|---|
| r-devel-linux-x86_64-debian-clang | 0.3.2 | 134.16 | 217.31 | 351.47 | OK | |
| r-devel-linux-x86_64-debian-gcc | 0.3.2 | 121.20 | 166.16 | 287.36 | OK | |
| r-devel-linux-x86_64-fedora-clang | 0.3.2 | 600.00 | -19.66 | 580.34 | OK | |
| r-devel-linux-x86_64-fedora-gcc | 0.3.2 | 391.00 | 233.55 | 624.55 | OK | |
| r-devel-windows-x86_64 | 0.3.2 | 149.00 | 249.00 | 398.00 | OK | |
| r-patched-linux-x86_64 | 0.3.2 | 168.23 | 220.07 | 388.30 | OK | |
| r-release-linux-x86_64 | 0.3.2 | 158.97 | 221.67 | 380.64 | OK | |
| r-release-macos-arm64 | 0.3.2 | 58.00 | 83.00 | 141.00 | OK | |
| r-release-macos-x86_64 | 0.3.2 | 130.00 | 204.00 | 334.00 | OK | |
| r-release-windows-x86_64 | 0.3.2 | 150.00 | 240.00 | 390.00 | OK | |
| r-oldrel-macos-arm64 | 0.3.2 | 58.00 | 85.00 | 143.00 | NOTE | |
| r-oldrel-macos-x86_64 | 0.3.2 | 133.00 | 206.00 | 339.00 | NOTE | |
| r-oldrel-windows-x86_64 | 0.3.2 | 175.00 | 327.00 | 502.00 | NOTE |
Version: 0.3.2
Check: installed package size
Result: NOTE
installed size is 44.1Mb
sub-directories of 1Mb or more:
libs 42.8Mb
Flavors: r-oldrel-macos-arm64, r-oldrel-macos-x86_64
Version: 0.3.2
Check: for GNU extensions in Makefiles
Result: NOTE
GNU make is a SystemRequirements.
Flavors: r-oldrel-macos-arm64, r-oldrel-macos-x86_64, r-oldrel-windows-x86_64