Last updated on 2025-11-12 07:50:42 CET.
| Flavor | Version | Tinstall | Tcheck | Ttotal | Status | Flags |
|---|---|---|---|---|---|---|
| r-devel-linux-x86_64-debian-clang | 0.1.0 | 2.68 | 39.66 | 42.34 | NOTE | |
| r-devel-linux-x86_64-debian-gcc | 0.1.0 | 2.09 | 31.58 | 33.67 | NOTE | |
| r-devel-linux-x86_64-fedora-clang | 0.1.0 | 11.00 | 50.18 | 61.18 | OK | |
| r-devel-linux-x86_64-fedora-gcc | 0.1.0 | 70.89 | OK | |||
| r-devel-windows-x86_64 | 0.1.0 | 5.00 | 66.00 | 71.00 | OK | |
| r-patched-linux-x86_64 | 0.1.0 | 2.97 | 36.51 | 39.48 | OK | |
| r-release-linux-x86_64 | 0.1.0 | 2.64 | 36.14 | 38.78 | OK | |
| r-release-macos-arm64 | 0.1.0 | 2.00 | 29.00 | 31.00 | OK | |
| r-release-macos-x86_64 | 0.1.0 | 3.00 | 51.00 | 54.00 | OK | |
| r-release-windows-x86_64 | 0.1.0 | 5.00 | 58.00 | 63.00 | OK | |
| r-oldrel-macos-arm64 | 0.1.0 | 1.00 | 26.00 | 27.00 | OK | |
| r-oldrel-macos-x86_64 | 0.1.0 | 2.00 | 45.00 | 47.00 | OK | |
| r-oldrel-windows-x86_64 | 0.1.0 | 7.00 | 63.00 | 70.00 | OK |
Version: 0.1.0
Check: CRAN incoming feasibility
Result: NOTE
Maintainer: ‘Aurélien Goutsmedt <agoutsmedt@hotmail.fr>’
Package CITATION file contains call(s) to old-style personList() or
as.personList(). Please use c() on person objects instead.
Package CITATION file contains call(s) to old-style citEntry(). Please
use bibentry() instead.
Flavors: r-devel-linux-x86_64-debian-clang, r-devel-linux-x86_64-debian-gcc