Last updated on 2025-02-22 07:51:26 CET.
Flavor | Version | Tinstall | Tcheck | Ttotal | Status | Flags |
---|---|---|---|---|---|---|
r-devel-linux-x86_64-debian-clang | 0.9-3 | 3.67 | 26.00 | 29.67 | NOTE | |
r-devel-linux-x86_64-debian-gcc | 0.9-3 | 2.91 | 19.89 | 22.80 | NOTE | |
r-devel-linux-x86_64-fedora-clang | 0.9-3 | 47.23 | NOTE | |||
r-devel-linux-x86_64-fedora-gcc | 0.9-3 | 44.82 | OK | |||
r-devel-macos-arm64 | 0.9-3 | 18.00 | OK | |||
r-devel-macos-x86_64 | 0.9-3 | 32.00 | OK | |||
r-devel-windows-x86_64 | 0.9-3 | 7.00 | 49.00 | 56.00 | OK | |
r-patched-linux-x86_64 | 0.9-3 | 3.50 | 24.41 | 27.91 | NOTE | |
r-release-linux-x86_64 | 0.9-3 | 3.25 | 24.77 | 28.02 | NOTE | |
r-release-macos-arm64 | 0.9-3 | 24.00 | OK | |||
r-release-macos-x86_64 | 0.9-3 | 78.00 | OK | |||
r-release-windows-x86_64 | 0.9-3 | 7.00 | 48.00 | 55.00 | OK | |
r-oldrel-macos-arm64 | 0.9-3 | 37.00 | OK | |||
r-oldrel-macos-x86_64 | 0.9-3 | 85.00 | OK | |||
r-oldrel-windows-x86_64 | 0.9-3 | 7.00 | 51.00 | 58.00 | OK |
Version: 0.9-3
Check: R code for possible problems
Result: NOTE
Found the following calls to data() loading into the global environment:
File ‘biglm/R/bigglm.R’:
data(reset = TRUE)
data(reset = FALSE)
See section ‘Good practice’ in ‘?data’.
Flavors: r-devel-linux-x86_64-debian-clang, r-devel-linux-x86_64-debian-gcc, r-devel-linux-x86_64-fedora-clang, r-patched-linux-x86_64, r-release-linux-x86_64