Last updated on 2025-02-22 07:51:26 CET.
Flavor | Version | Tinstall | Tcheck | Ttotal | Status | Flags |
---|---|---|---|---|---|---|
r-devel-linux-x86_64-debian-clang | 1.4.3 | 13.57 | 125.58 | 139.15 | NOTE | |
r-devel-linux-x86_64-debian-gcc | 1.4.3 | 9.69 | 82.39 | 92.08 | NOTE | |
r-devel-linux-x86_64-fedora-clang | 1.4.3 | 217.51 | OK | |||
r-devel-linux-x86_64-fedora-gcc | 1.4.3 | 210.71 | OK | |||
r-devel-macos-arm64 | 1.4.3 | 70.00 | OK | |||
r-devel-macos-x86_64 | 1.4.3 | 129.00 | OK | |||
r-devel-windows-x86_64 | 1.4.3 | 16.00 | 158.00 | 174.00 | NOTE | |
r-patched-linux-x86_64 | 1.4.3 | 19.80 | 118.96 | 138.76 | OK | |
r-release-linux-x86_64 | 1.4.3 | 15.30 | 119.66 | 134.96 | OK | |
r-release-macos-arm64 | 1.4.3 | 60.00 | OK | |||
r-release-macos-x86_64 | 1.4.3 | 102.00 | OK | |||
r-release-windows-x86_64 | 1.4.3 | 16.00 | 155.00 | 171.00 | OK | |
r-oldrel-macos-arm64 | 1.4.3 | 66.00 | OK | |||
r-oldrel-macos-x86_64 | 1.4.3 | 179.00 | OK | |||
r-oldrel-windows-x86_64 | 1.4.3 | 21.00 | 178.00 | 199.00 | OK |
Version: 1.4.3
Check: Rd cross-references
Result: NOTE
Found the following Rd file(s) with Rd \link{} targets missing package
anchors:
bilat.Rd: intersect.owin
Please provide package anchors for all Rd \link{} targets not in the
package itself and the base packages.
Flavors: r-devel-linux-x86_64-debian-clang, r-devel-linux-x86_64-debian-gcc, r-devel-windows-x86_64