Last updated on 2025-10-25 06:49:35 CEST.
| Flavor | Version | Tinstall | Tcheck | Ttotal | Status | Flags |
|---|---|---|---|---|---|---|
| r-devel-linux-x86_64-debian-clang | 1.0.1 | 6.93 | 73.96 | 80.89 | OK | |
| r-devel-linux-x86_64-debian-gcc | 1.0.1 | 4.55 | 51.68 | 56.23 | OK | |
| r-devel-linux-x86_64-fedora-clang | 1.0.1 | 32.00 | 83.26 | 115.26 | OK | |
| r-devel-linux-x86_64-fedora-gcc | 1.0.1 | 13.00 | 89.67 | 102.67 | OK | |
| r-devel-windows-x86_64 | 1.0.1 | 7.00 | 71.00 | 78.00 | OK | |
| r-patched-linux-x86_64 | 1.0.1 | 6.87 | 62.05 | 68.92 | OK | |
| r-release-linux-x86_64 | 1.0.1 | 6.43 | 62.01 | 68.44 | OK | |
| r-release-macos-arm64 | 1.0.1 | 4.00 | 47.00 | 51.00 | OK | |
| r-release-macos-x86_64 | 1.0.1 | 6.00 | 62.00 | 68.00 | OK | |
| r-release-windows-x86_64 | 1.0.1 | 7.00 | 74.00 | 81.00 | OK | |
| r-oldrel-macos-arm64 | 1.0.1 | 3.00 | 31.00 | 34.00 | NOTE | |
| r-oldrel-macos-x86_64 | 1.0.1 | 6.00 | 56.00 | 62.00 | NOTE | |
| r-oldrel-windows-x86_64 | 1.0.1 | 9.00 | 87.00 | 96.00 | NOTE |
Version: 1.0.1
Check: LazyData
Result: NOTE
'LazyData' is specified without a 'data' directory
Flavors: r-oldrel-macos-arm64, r-oldrel-macos-x86_64, r-oldrel-windows-x86_64