Last updated on 2024-06-04 18:47:45 CEST.
Flavor | Version | Tinstall | Tcheck | Ttotal | Status | Flags |
---|---|---|---|---|---|---|
r-devel-linux-x86_64-debian-clang | 1.0.7 | 57.52 | 27.19 | 84.71 | OK | |
r-devel-linux-x86_64-debian-gcc | 1.0.7 | 44.17 | 21.39 | 65.56 | OK | |
r-devel-linux-x86_64-fedora-clang | 1.0.7 | 134.39 | OK | |||
r-devel-linux-x86_64-fedora-gcc | 1.0.7 | 136.10 | OK | |||
r-devel-windows-x86_64 | 1.0.7 | 46.00 | 59.00 | 105.00 | OK | |
r-patched-linux-x86_64 | 1.0.7 | 50.18 | 26.05 | 76.23 | OK | |
r-release-linux-x86_64 | 1.0.7 | 50.61 | 26.26 | 76.87 | OK | |
r-release-macos-arm64 | 1.0.7 | 38.00 | NOTE | |||
r-release-windows-x86_64 | 1.0.7 | 46.00 | 60.00 | 106.00 | OK | |
r-oldrel-macos-arm64 | 1.0.7 | 35.00 | NOTE | |||
r-oldrel-macos-x86_64 | 1.0.7 | 71.00 | NOTE | |||
r-oldrel-windows-x86_64 | 1.0.7 | 47.00 | 69.00 | 116.00 | OK |
Version: 1.0.7
Check: installed package size
Result: NOTE
installed size is 6.6Mb
sub-directories of 1Mb or more:
libs 6.5Mb
Flavors: r-release-macos-arm64, r-oldrel-macos-arm64, r-oldrel-macos-x86_64