Last updated on 2025-10-22 07:50:09 CEST.
Flavor | Version | Tinstall | Tcheck | Ttotal | Status | Flags |
---|---|---|---|---|---|---|
r-devel-linux-x86_64-debian-clang | 1.1.3 | 13.46 | 97.16 | 110.62 | NOTE | |
r-devel-linux-x86_64-debian-gcc | 1.1.3 | 9.52 | 69.94 | 79.46 | NOTE | |
r-devel-linux-x86_64-fedora-clang | 1.1.3 | 53.00 | 120.59 | 173.59 | OK | |
r-devel-linux-x86_64-fedora-gcc | 1.1.3 | 26.00 | 131.03 | 157.03 | OK | |
r-devel-windows-x86_64 | 1.1.3 | 14.00 | 96.00 | 110.00 | OK | |
r-patched-linux-x86_64 | 1.1.3 | 12.84 | 87.40 | 100.24 | OK | |
r-release-linux-x86_64 | 1.1.3 | 11.88 | 87.55 | 99.43 | OK | |
r-release-macos-arm64 | 1.1.3 | 5.00 | 36.00 | 41.00 | OK | |
r-release-macos-x86_64 | 1.1.3 | 16.00 | 76.00 | 92.00 | OK | |
r-release-windows-x86_64 | 1.1.3 | 17.00 | 97.00 | 114.00 | OK | |
r-oldrel-macos-arm64 | 1.1.3 | 5.00 | 37.00 | 42.00 | OK | |
r-oldrel-macos-x86_64 | 1.1.3 | 10.00 | 80.00 | 90.00 | OK | |
r-oldrel-windows-x86_64 | 1.1.3 | 19.00 | 128.00 | 147.00 | OK |
Version: 1.1.3
Check: HTML version of manual
Result: NOTE
Found the following HTML validation problems:
plot.boiwsa.html:52:1 (plot.boiwsa.Rd:12): Warning: missing </ul> before </div>
print.html:50:1 (print.Rd:12): Warning: missing </ul> before </div>
print.boiwsa.html:52:1 (print.boiwsa.Rd:12): Warning: missing </ul> before </div>
summary.html:50:1 (summary.Rd:12): Warning: missing </ul> before </div>
summary.boiwsa.html:51:1 (summary.boiwsa.Rd:12): Warning: missing </ul> before </div>
Flavors: r-devel-linux-x86_64-debian-clang, r-devel-linux-x86_64-debian-gcc