Last updated on 2025-02-21 19:50:21 CET.
Flavor | Version | Tinstall | Tcheck | Ttotal | Status | Flags |
---|---|---|---|---|---|---|
r-devel-linux-x86_64-debian-clang | 1.2.0 | 4.75 | 52.79 | 57.54 | NOTE | |
r-devel-linux-x86_64-debian-gcc | 1.2.0 | 3.45 | 39.96 | 43.41 | NOTE | |
r-devel-linux-x86_64-fedora-clang | 1.2.0 | 91.44 | NOTE | |||
r-devel-linux-x86_64-fedora-gcc | 1.2.0 | 104.78 | NOTE | |||
r-devel-macos-arm64 | 1.2.0 | 47.00 | NOTE | |||
r-devel-macos-x86_64 | 1.2.0 | 103.00 | NOTE | |||
r-devel-windows-x86_64 | 1.2.0 | 7.00 | 87.00 | 94.00 | NOTE | |
r-patched-linux-x86_64 | 1.2.0 | 4.82 | 50.30 | 55.12 | OK | |
r-release-linux-x86_64 | 1.2.0 | 4.31 | 50.27 | 54.58 | OK | |
r-release-macos-arm64 | 1.2.0 | 50.00 | OK | |||
r-release-macos-x86_64 | 1.2.0 | 101.00 | OK | |||
r-release-windows-x86_64 | 1.2.0 | 7.00 | 80.00 | 87.00 | OK | |
r-oldrel-macos-arm64 | 1.2.0 | 56.00 | OK | |||
r-oldrel-macos-x86_64 | 1.2.0 | 140.00 | OK | |||
r-oldrel-windows-x86_64 | 1.2.0 | 10.00 | 87.00 | 97.00 | OK |
Version: 1.2.0
Check: compiled code
Result: NOTE
File ‘box/libs/box.so’:
Found non-API calls to R: ‘ENVFLAGS’, ‘SET_ENVFLAGS’
Compiled code should not call non-API entry points in R.
See ‘Writing portable packages’ in the ‘Writing R Extensions’ manual,
and section ‘Moving into C API compliance’ for issues with the use of
non-API entry points.
Flavors: r-devel-linux-x86_64-debian-clang, r-devel-linux-x86_64-debian-gcc, r-devel-linux-x86_64-fedora-clang, r-devel-linux-x86_64-fedora-gcc, r-devel-macos-arm64, r-devel-macos-x86_64
Version: 1.2.0
Check: compiled code
Result: NOTE
File 'box/libs/x64/box.dll':
Found non-API calls to R: 'ENVFLAGS', 'SET_ENVFLAGS'
Compiled code should not call non-API entry points in R.
See 'Writing portable packages' in the 'Writing R Extensions' manual,
and section 'Moving into C API compliance' for issues with the use of
non-API entry points.
Flavor: r-devel-windows-x86_64