Last updated on 2025-11-12 19:51:43 CET.
| Flavor | Version | Tinstall | Tcheck | Ttotal | Status | Flags |
|---|---|---|---|---|---|---|
| r-devel-linux-x86_64-debian-clang | 0.1.3 | 1.54 | 27.15 | 28.69 | OK | |
| r-devel-linux-x86_64-debian-gcc | 0.1.3 | 1.47 | 23.28 | 24.75 | ERROR | |
| r-devel-linux-x86_64-fedora-clang | 0.1.3 | 44.83 | OK | |||
| r-devel-linux-x86_64-fedora-gcc | 0.1.3 | 41.66 | OK | |||
| r-devel-windows-x86_64 | 0.1.3 | 2.00 | 43.00 | 45.00 | OK | |
| r-patched-linux-x86_64 | 0.1.3 | 1.77 | 25.27 | 27.04 | OK | |
| r-release-linux-x86_64 | 0.1.3 | 1.26 | 24.69 | 25.95 | OK | |
| r-release-macos-arm64 | 0.1.3 | 1.00 | 22.00 | 23.00 | OK | |
| r-release-macos-x86_64 | 0.1.3 | 2.00 | 34.00 | 36.00 | OK | |
| r-release-windows-x86_64 | 0.1.3 | 3.00 | 41.00 | 44.00 | OK | |
| r-oldrel-macos-arm64 | 0.1.3 | 1.00 | 26.00 | 27.00 | OK | |
| r-oldrel-macos-x86_64 | 0.1.3 | 2.00 | 35.00 | 37.00 | OK | |
| r-oldrel-windows-x86_64 | 0.1.3 | 4.00 | 47.00 | 51.00 | OK |
Version: 0.1.3
Check: tests
Result: ERROR
Running ‘testthat.R’ [6s/7s]
Running the tests in ‘tests/testthat.R’ failed.
Complete output:
> # This file is part of the standard setup for testthat.
> # It is recommended that you do not modify it.
> #
> # Where should you do additional test configuration?
> # Learn more about the roles of various files in:
> # * https://r-pkgs.org/tests.html
> # * https://testthat.r-lib.org/reference/test_package.html#special-files
>
> library(testthat)
> library(box.lsp)
>
> test_check("box.lsp")
[ FAIL 1 | WARN 0 | SKIP 5 | PASS 2 ]
══ Skipped tests (5) ═══════════════════════════════════════════════════════════
• On CRAN (5): 'test-lsp_aaa_regression.R:2:3',
'test-lsp_completion_package_attach_list.R:2:3',
'test-lsp_completion_package_three_dots.R:2:3',
'test-lsp_completion_whole_package.R:2:3', 'test-signature.R:2:3'
══ Failed tests ════════════════════════════════════════════════════════════════
── Error ('test-lsp_completion_package_attach_list.R:64:1'): completion of package attach list does not return non-attached functions ──
<no_such_process/ps_error/error/condition>
Error: Failed to send signal to some processes: 3151637 (???)
Backtrace:
▆
1. ├─withr (local) `<fn>`()
2. └─client$process$kill_tree() at tests/testthat/helper-utils.R:84:7
3. └─processx:::process_kill_tree(self, private, grace, close_connections)
4. └─get("ps_kill_tree", asNamespace("ps"))(private$tree_id)
5. └─ps::ps_send_signal(procs, sig)
6. └─ps:::process_signal_result(p, res, "Failed to send signal to")
[ FAIL 1 | WARN 0 | SKIP 5 | PASS 2 ]
Error: Test failures
Execution halted
Flavor: r-devel-linux-x86_64-debian-gcc